INSERT INTO `tbl_product` (`pro_id`, `pro_category`, `pro_name`, `pro_type`, `pro_offer`, `pro_price`, `pro_Pack`, `pro_varient`, `pro_type1`, `pro_color`, `pro_desc`, `pro_brf`, `pro_more`, `pro_image`, `pro_image2`, `status`, `status_gal`, `pro_date`) VALUES
(218, '80', 'Use of Marks', '', '', '', '', '', '', '', '<h2><span style=\"font-size:22px\"><span style=\"font-family:Arial,Helvetica,sans-serif\"><strong>Use of Marks &ndash; ISO Certified Clients</strong></span></span></h2>\r\n\r\n<p><span style=\"font-size:14px\"><span style=\"font-family:Arial,Helvetica,sans-serif\"><strong>RCPL&nbsp;ensure that our clients use their ISO certification marks in a responsible, accurate, and legally compliant manner. Proper use of marks is an important part of maintaining the credibility of ISO certification and ensuring alignment with the rules of accredited certification bodies and international accreditation authorities&nbsp;(EIAC).</strong></span></span></p>\r\n\r\n<h3><span style=\"font-size:22px\"><span style=\"font-family:Arial,Helvetica,sans-serif\"><strong>What Are Certification Marks?</strong></span></span></h3>\r\n\r\n<p><span style=\"font-size:14px\"><span style=\"font-family:Arial,Helvetica,sans-serif\"><strong>Certification marks or logos are symbols provided by the accredited certification body to indicate that an organization has successfully achieved certification to a specific ISO standard (e.g., ISO 9001, ISO 14001, ISO 45001, ISO 27001 &amp; ISO 22000). These marks:</strong></span></span></p>\r\n\r\n<ul>\r\n	<li>\r\n	<p><span style=\"font-size:14px\"><span style=\"font-family:Arial,Helvetica,sans-serif\"><strong>Represent verified compliance with international standards</strong></span></span></p>\r\n	</li>\r\n	<li>\r\n	<p><span style=\"font-size:14px\"><span style=\"font-family:Arial,Helvetica,sans-serif\"><strong>Are issued under the control of the accredited certification body</strong></span></span></p>\r\n	</li>\r\n	<li>\r\n	<p><span style=\"font-size:14px\"><span style=\"font-family:Arial,Helvetica,sans-serif\"><strong>Must be used in accordance with clearly defined rules and guidelines</strong></span></span></p>\r\n	</li>\r\n</ul>\r\n\r\n<h3><span style=\"font-size:22px\"><span style=\"font-family:Arial,Helvetica,sans-serif\"><strong>Important: ISO Does Not Issue or Authorize Logos</strong></span></span></h3>\r\n\r\n<p><span style=\"font-size:14px\"><span style=\"font-family:Arial,Helvetica,sans-serif\"><strong>The International Organization for Standardization (ISO) does not issue certificates and does not permit the use of the ISO logo by certified companies. Only the certification body&rsquo;s mark (if accredited) and, in some cases, the accreditation body&rsquo;s logo may be used&mdash;subject to strict conditions.</strong></span></span></p>\r\n\r\n<h3><span style=\"font-size:22px\"><span style=\"font-family:Arial,Helvetica,sans-serif\"><strong>Rules for Using Certification Marks</strong></span></span></h3>\r\n\r\n<p><span style=\"font-size:14px\"><span style=\"font-family:Arial,Helvetica,sans-serif\"><strong>Certified clients are permitted to use marks only:</strong></span></span></p>\r\n\r\n<ul>\r\n	<li>\r\n	<p><span style=\"font-size:14px\"><span style=\"font-family:Arial,Helvetica,sans-serif\"><strong>After receiving an accredited ISO certificate</strong></span></span></p>\r\n	</li>\r\n	<li>\r\n	<p><span style=\"font-size:14px\"><span style=\"font-family:Arial,Helvetica,sans-serif\"><strong>In marketing materials, stationery, website, or company profiles (with limitations)</strong></span></span></p>\r\n	</li>\r\n	<li>\r\n	<p><span style=\"font-size:14px\"><span style=\"font-family:Arial,Helvetica,sans-serif\"><strong>When clearly identifying the scope of certification (e.g., &ldquo;ISO 9001 certified for manufacturing operations only&rdquo;)</strong></span></span></p>\r\n	</li>\r\n</ul>\r\n\r\n<p><span style=\"font-size:14px\"><span style=\"font-family:Arial,Helvetica,sans-serif\"><strong>Clients must NOT:</strong></span></span></p>\r\n\r\n<ul>\r\n	<li>\r\n	<p><span style=\"font-size:14px\"><span style=\"font-family:Arial,Helvetica,sans-serif\"><strong>Use the ISO logo (e.g., ISO&rsquo;s globe mark)</strong></span></span></p>\r\n	</li>\r\n	<li>\r\n	<p><span style=\"font-size:14px\"><span style=\"font-family:Arial,Helvetica,sans-serif\"><strong>Apply marks to products, packaging, or product labels (certification applies to management systems, not products)</strong></span></span></p>\r\n	</li>\r\n	<li>\r\n	<p><span style=\"font-size:14px\"><span style=\"font-family:Arial,Helvetica,sans-serif\"><strong>Suggest certification applies to areas outside the certified scope</strong></span></span></p>\r\n	</li>\r\n	<li><span style=\"font-size:14px\"><span style=\"font-family:Arial,Helvetica,sans-serif\"><strong>Alter, redesign, or misuse the logos in any unauthorized way</strong></span></span></li>\r\n</ul>\r\n\r\n<p><span style=\"font-size:22px\"><strong><span style=\"font-family:Arial,Helvetica,sans-serif\">Misuse of Marks: Consequences</span></strong></span></p>\r\n\r\n<p><span style=\"font-size:14px\"><strong><span style=\"font-family:Arial,Helvetica,sans-serif\">Improper or misleading use of certification or accreditation marks can lead to:</span></strong></span></p>\r\n\r\n<ul>\r\n	<li>\r\n	<p><span style=\"font-size:14px\"><strong><span style=\"font-family:Arial,Helvetica,sans-serif\">Suspension or withdrawal of the ISO certificate</span></strong></span></p>\r\n	</li>\r\n	<li>\r\n	<p><span style=\"font-size:14px\"><strong><span style=\"font-family:Arial,Helvetica,sans-serif\">Legal action by certification or accreditation bodies</span></strong></span></p>\r\n	</li>\r\n	<li>\r\n	<p><span style=\"font-size:14px\"><strong><span style=\"font-family:Arial,Helvetica,sans-serif\">To protect all stakeholders, we monitor the use of marks and take corrective action if any violations are identified.</span></strong></span></p>\r\n	</li>\r\n	<li>\r\n	<p><span style=\"font-size:14px\"><strong><span style=\"font-family:Arial,Helvetica,sans-serif\">Public notices or blacklisting</span></strong></span></p>\r\n	</li>\r\n	<li>\r\n	<p><span style=\"font-size:14px\"><strong><span style=\"font-family:Arial,Helvetica,sans-serif\">Reputational damage</span></strong></span></p>\r\n	</li>\r\n</ul>\r\n', '', '', '2080849671.jpg', NULL, NULL, NULL, '2025-07-15 05:52:12'),
(219, '81', 'Accredited Certificate Need to be Converted', '', '', '', '', '', '', '', '<h3><span style=\"font-size:24px\"><span style=\"font-family:Arial,Helvetica,sans-serif\"><strong>Accredited Certificate Conversion &ndash; ISO Certification</strong></span></span></h3>\r\n\r\n<p><span style=\"font-size:14px\"><span style=\"font-family:Arial,Helvetica,sans-serif\"><strong>Organizations holding ISO certificates from unaccredited or non-recognized bodies may face challenges when proving their compliance to customers, regulatory authorities, or international partners. To ensure your certification is globally recognized and holds true value in the marketplace, it is essential to convert your existing certificate to one issued by an accredited certification body.</strong></span></span></p>\r\n\r\n<p><span style=\"font-size:14px\"><span style=\"font-family:Arial,Helvetica,sans-serif\"><strong>RCPL assist businesses in converting their existing ISO certificates&mdash;whether for ISO 9001, ISO 14001, ISO 45001, ISO 22000, ISO 27001, or others&mdash;into IAF-recognized, internationally accredited certifications.</strong></span></span></p>\r\n\r\n<h3><span style=\"font-size:24px\"><span style=\"font-family:Arial,Helvetica,sans-serif\"><strong>Why Convert to an Accredited ISO Certificate?</strong></span></span></h3>\r\n\r\n<ul>\r\n	<li>\r\n	<p><span style=\"font-size:14px\"><span style=\"font-family:Arial,Helvetica,sans-serif\"><strong>Global Recognition: Accredited certificates are accepted and trusted worldwide.</strong></span></span></p>\r\n	</li>\r\n	<li>\r\n	<p><span style=\"font-size:14px\"><span style=\"font-family:Arial,Helvetica,sans-serif\"><strong>Enhanced Credibility: Demonstrates compliance through a reliable and impartial certification process.</strong></span></span></p>\r\n	</li>\r\n	<li>\r\n	<p><span style=\"font-size:14px\"><span style=\"font-family:Arial,Helvetica,sans-serif\"><strong>Eligibility for Tenders &amp; Contracts: Many government and corporate clients require accreditation from recognized bodies.</strong></span></span></p>\r\n	</li>\r\n	<li>\r\n	<p><span style=\"font-size:14px\"><span style=\"font-family:Arial,Helvetica,sans-serif\"><strong>Compliance with Regulatory Norms: Helps meet international and industry-specific regulatory requirements.</strong></span></span></p>\r\n	</li>\r\n	<li>\r\n	<p><span style=\"font-size:14px\"><span style=\"font-family:Arial,Helvetica,sans-serif\"><strong>Avoiding Misleading Claims: Unaccredited certificates may lead to reputational risks or legal complications.</strong></span></span></p>\r\n	</li>\r\n</ul>\r\n\r\n<h3><span style=\"font-size:24px\"><span style=\"font-family:Arial,Helvetica,sans-serif\"><strong>What Is an Accredited ISO Certificate?</strong></span></span></h3>\r\n\r\n<p><span style=\"font-size:14px\"><span style=\"font-family:Arial,Helvetica,sans-serif\"><strong>An <em>accredited</em> ISO certificate is issued by a certification body that has been evaluated and approved by a national or international accreditation body (EIAC). These accreditation bodies are members of the International Accreditation Forum (IAF), which ensures consistency, competence, and international recognition.</strong></span></span></p>\r\n\r\n<h3><span style=\"font-size:22px\"><span style=\"font-family:Arial,Helvetica,sans-serif\"><strong>Our ISO Certificate Conversion Process</strong></span></span></h3>\r\n\r\n<ol>\r\n	<li>\r\n	<p><span style=\"font-size:14px\"><span style=\"font-family:Arial,Helvetica,sans-serif\"><strong>Review of Existing Certificate &ndash; We assess your current certification&rsquo;s scope, issuing body, and conformity level.</strong></span></span></p>\r\n	</li>\r\n	<li>\r\n	<p><span style=\"font-size:14px\"><span style=\"font-family:Arial,Helvetica,sans-serif\"><strong>Gap Assessment &amp; Readiness Check &ndash; If needed, we help align your management system with the required ISO standard.</strong></span></span></p>\r\n	</li>\r\n	<li>\r\n	<p><span style=\"font-size:14px\"><span style=\"font-family:Arial,Helvetica,sans-serif\"><strong>Accredited Certification Body Allocation &ndash; We partner you with a recognized certification body suited to your industry and region.</strong></span></span></p>\r\n	</li>\r\n	<li>\r\n	<p><span style=\"font-size:14px\"><span style=\"font-family:Arial,Helvetica,sans-serif\"><strong>Re-certification Audit (if needed) &ndash; An auditor from an accredited body verifies compliance.</strong></span></span></p>\r\n	</li>\r\n	<li>\r\n	<p><span style=\"font-size:14px\"><span style=\"font-family:Arial,Helvetica,sans-serif\"><strong>Issuance of Accredited Certificate &ndash; Upon successful audit, you receive a new accredited ISO certificate.</strong></span></span></p>\r\n	</li>\r\n</ol>\r\n\r\n<h3><span style=\"font-size:22px\"><span style=\"font-family:Arial,Helvetica,sans-serif\"><strong>Who Needs Certificate Conversion?</strong></span></span></h3>\r\n\r\n<p><span style=\"font-size:14px\"><span style=\"font-family:Arial,Helvetica,sans-serif\"><strong>You may need to convert your certificate if:</strong></span></span></p>\r\n\r\n<ul>\r\n	<li>\r\n	<p><span style=\"font-size:14px\"><span style=\"font-family:Arial,Helvetica,sans-serif\"><strong>Your existing certificate was issued by a non-accredited or self-declared body.</strong></span></span></p>\r\n	</li>\r\n	<li>\r\n	<p><span style=\"font-size:14px\"><span style=\"font-family:Arial,Helvetica,sans-serif\"><strong>Your certification body is not recognized by IAF or national accreditation authorities.</strong></span></span></p>\r\n	</li>\r\n	<li>\r\n	<p><span style=\"font-size:14px\"><span style=\"font-family:Arial,Helvetica,sans-serif\"><strong>You are seeking to participate in government tenders, export markets, or international supply chains.</strong></span></span></p>\r\n	</li>\r\n	<li>\r\n	<p><span style=\"font-size:14px\"><span style=\"font-family:Arial,Helvetica,sans-serif\"><strong>Your customers or industry regulators demand accredited certification.</strong></span></span></p>\r\n	</li>\r\n</ul>\r\n\r\n<h3><span style=\"font-size:22px\"><span style=\"font-family:Arial,Helvetica,sans-serif\"><strong>Partner with Us for a Seamless Transition</strong></span></span></h3>\r\n\r\n<p><span style=\"font-size:14px\"><span style=\"font-family:Arial,Helvetica,sans-serif\"><strong>RCPL is specialize in guiding organizations through every step of the conversion process. Whether you&rsquo;re in manufacturing, healthcare, IT, construction, education, or any other sector, our consultants ensure that your ISO certification reflects genuine compliance and global trustworthiness.</strong></span></span></p>\r\n\r\n<p><span style=\"font-size:14px\"><span style=\"font-family:Arial,Helvetica,sans-serif\"><strong>📞 Contact us today to verify your existing certificate and take the first step toward internationally recognized ISO accreditation.</strong></span></span></p>\r\n', '', '', '1438831341.jpg', NULL, NULL, NULL, '2025-07-14 07:41:56'),
(220, '81', 'EIAC UAE Accredited', '', '', '', '', '', '', '', '<h2><span style=\"font-size:20px\"><span style=\"font-family:Arial,Helvetica,sans-serif\"><strong>EIAC UAE Accredited ISO Certification</strong></span></span></h2>\r\n\r\n<p><span style=\"font-size:14px\"><span style=\"font-family:Arial,Helvetica,sans-serif\"><strong>RCPL is&nbsp;proud to offer ISO certifications accredited by the Emirates International Accreditation Centre (EIAC) &ndash; a leading national accreditation body in the United Arab Emirates. EIAC accreditation ensures that your ISO certification is recognized, respected, and trusted both locally and globally.</strong></span></span></p>\r\n\r\n<h3><span style=\"font-size:20px\"><span style=\"font-family:Arial,Helvetica,sans-serif\"><strong>About EIAC &ndash; Emirates International Accreditation Centre</strong></span></span></h3>\r\n\r\n<p><span style=\"font-size:14px\"><span style=\"font-family:Arial,Helvetica,sans-serif\"><strong>The Emirates International Accreditation Centre (EIAC) is a government body operating under the Government of Dubai, responsible for accrediting conformity assessment bodies (CABs) such as certification, inspection, and testing bodies. EIAC is a full member of the International Accreditation Forum (IAF) and the International Laboratory Accreditation Cooperation (ILAC).</strong></span></span></p>\r\n\r\n<p><span style=\"font-size:14px\"><span style=\"font-family:Arial,Helvetica,sans-serif\"><strong>This global membership ensures that certifications accredited by EIAC are internationally recognized and accepted across borders, industries, and supply chains.</strong></span></span></p>\r\n\r\n<h3><span style=\"font-size:22px\"><span style=\"font-family:Arial,Helvetica,sans-serif\"><strong>Benefits of EIAC-Accredited ISO Certification</strong></span></span></h3>\r\n\r\n<p><span style=\"font-size:14px\"><span style=\"font-family:Arial,Helvetica,sans-serif\"><strong>International Recognition &ndash; EIAC-accredited ISO certificates are accepted by global organizations, regulatory bodies, and clients.</strong></span></span></p>\r\n\r\n<p><span style=\"font-size:14px\"><span style=\"font-family:Arial,Helvetica,sans-serif\"><strong>Government &amp; Regulatory Compliance &ndash; Widely accepted in public sector contracts and regulatory frameworks in the UAE and Gulf region.</strong></span></span></p>\r\n\r\n<p><span style=\"font-size:14px\"><span style=\"font-family:Arial,Helvetica,sans-serif\"><strong>Market Competitiveness &ndash; Enhances your business&rsquo;s credibility, brand image, and trust among stakeholders.</strong></span></span></p>\r\n\r\n<p><span style=\"font-size:14px\"><span style=\"font-family:Arial,Helvetica,sans-serif\"><strong>Access to Tenders &amp; Export Markets &ndash; Essential for qualifying in UAE government tenders, oil &amp; gas projects, and international trade.</strong></span></span></p>\r\n\r\n<p><span style=\"font-size:14px\"><span style=\"font-family:Arial,Helvetica,sans-serif\"><strong>Quality Assurance &ndash; EIAC ensures the impartiality, competence, and technical reliability of the certification bodies it accredits.</strong></span></span></p>\r\n\r\n<h3><span style=\"font-size:22px\"><span style=\"font-family:Arial,Helvetica,sans-serif\"><strong>ISO Standards Offered with EIAC Accreditation</strong></span></span></h3>\r\n\r\n<p><span style=\"font-size:14px\"><span style=\"font-family:Arial,Helvetica,sans-serif\"><strong>We provide consulting and certification support for a wide range of ISO standards under EIAC-accredited bodies, including but not limited to:</strong></span></span></p>\r\n\r\n<ul>\r\n	<li>\r\n	<p><span style=\"font-size:14px\"><span style=\"font-family:Arial,Helvetica,sans-serif\"><strong>ISO 9001 &ndash; Quality Management Systems</strong></span></span></p>\r\n	</li>\r\n	<li>\r\n	<p><span style=\"font-size:14px\"><span style=\"font-family:Arial,Helvetica,sans-serif\"><strong>ISO 14001 &ndash; Environmental Management Systems</strong></span></span></p>\r\n	</li>\r\n	<li>\r\n	<p><span style=\"font-size:14px\"><span style=\"font-family:Arial,Helvetica,sans-serif\"><strong>ISO 45001 &ndash; Occupational Health &amp; Safety Management</strong></span></span></p>\r\n	</li>\r\n	<li>\r\n	<p><span style=\"font-size:14px\"><span style=\"font-family:Arial,Helvetica,sans-serif\"><strong>ISO 22000 &ndash; Food Safety Management</strong></span></span></p>\r\n	</li>\r\n	<li>\r\n	<p><span style=\"font-size:14px\"><span style=\"font-family:Arial,Helvetica,sans-serif\"><strong>ISO 27001 &ndash; Information Security Management</strong></span></span></p>\r\n	</li>\r\n	<li>\r\n	<p><span style=\"font-size:14px\"><span style=\"font-family:Arial,Helvetica,sans-serif\"><strong>ISO 50001 &ndash; Energy Management Systems</strong></span></span></p>\r\n	</li>\r\n	<li>\r\n	<p><span style=\"font-size:14px\"><span style=\"font-family:Arial,Helvetica,sans-serif\"><strong>ISO 13485 &ndash; Medical Devices Quality Management</strong></span></span></p>\r\n	</li>\r\n</ul>\r\n\r\n<h3><span style=\"font-size:22px\"><span style=\"font-family:Arial,Helvetica,sans-serif\"><strong>Why Choose Us for EIAC-Accredited Certification?</strong></span></span></h3>\r\n\r\n<p><span style=\"font-size:14px\"><span style=\"font-family:Arial,Helvetica,sans-serif\"><strong>RCPL is work closely with EIAC-accredited certification bodies to help organizations achieve internationally recognized ISO certifications. Our experienced consultants provide end-to-end support&mdash;from system development and documentation to internal audits and certification coordination.</strong></span></span></p>\r\n\r\n<p><span style=\"font-size:14px\"><span style=\"font-family:Arial,Helvetica,sans-serif\"><strong>We ensure that your certification journey is smooth, efficient, and fully aligned with UAE regulatory standards and global compliance expectations.</strong></span></span></p>\r\n\r\n<h3><span style=\"font-size:22px\"><span style=\"font-family:Arial,Helvetica,sans-serif\"><strong>Ready to Get Certified with EIAC Accreditation?</strong></span></span></h3>\r\n\r\n<p><span style=\"font-size:14px\"><span style=\"font-family:Arial,Helvetica,sans-serif\"><strong>If you are looking to enhance your organization&rsquo;s reputation, expand your business opportunities, or comply with UAE tender and regulatory requirements, an EIAC-accredited ISO certificate is the smart choice.</strong></span></span></p>\r\n', '', '', '1471877811.jpg', NULL, NULL, NULL, '2025-07-14 07:48:47'),
(221, '81', 'Accreditation Statement', '', '', '', '', '', '', '', '<h2><strong><span style=\"font-family:Arial,Helvetica,sans-serif\">Accreditation Statement &ndash; EIAC (Emirates International Accreditation Centre)</span></strong></h2>\r\n\r\n<p><span style=\"font-size:14px\"><strong><span style=\"font-family:Arial,Helvetica,sans-serif\">RCPL is&nbsp;proud to offer ISO certification services in collaboration with certification bodies that are accredited by the Emirates International Accreditation Centre (EIAC), a prestigious national accreditation body of the United Arab Emirates.</span></strong></span></p>\r\n\r\n<p><span style=\"font-size:14px\"><strong><span style=\"font-family:Arial,Helvetica,sans-serif\">EIAC accreditation ensures that the ISO certifications we provide are genuine, credible, and internationally recognized&mdash;backed by strict conformity assessment and compliance with international standards.</span></strong></span></p>\r\n\r\n<h3><span style=\"font-size:22px\"><strong><span style=\"font-family:Arial,Helvetica,sans-serif\">About EIAC</span></strong></span></h3>\r\n\r\n<p><span style=\"font-size:14px\"><strong><span style=\"font-family:Arial,Helvetica,sans-serif\">The Emirates International Accreditation Centre (EIAC) is a government entity operating under the Government of Dubai. It is a full member of the International Accreditation Forum (IAF) and the International Laboratory Accreditation Cooperation (ILAC). This global recognition means that certifications accredited by EIAC are accepted across international markets, enabling businesses to operate with confidence and credibility worldwide.</span></strong></span></p>\r\n\r\n<p><span style=\"font-size:14px\"><strong><span style=\"font-family:Arial,Helvetica,sans-serif\">EIAC plays a key role in upholding the integrity of certification by evaluating and accrediting certification bodies that issue ISO standards. Its accreditation ensures:</span></strong></span></p>\r\n\r\n<ul>\r\n	<li>\r\n	<p><span style=\"font-size:14px\"><strong><span style=\"font-family:Arial,Helvetica,sans-serif\">Technical competence and impartiality of certification bodies</span></strong></span></p>\r\n	</li>\r\n	<li>\r\n	<p><span style=\"font-size:14px\"><strong><span style=\"font-family:Arial,Helvetica,sans-serif\">Compliance with internationally recognized standards (e.g., ISO/IEC 17021)</span></strong></span></p>\r\n	</li>\r\n	<li>\r\n	<p><span style=\"font-size:14px\"><strong><span style=\"font-family:Arial,Helvetica,sans-serif\">Consistency and trust in the certification process</span></strong></span></p>\r\n	</li>\r\n	<li>\r\n	<p><span style=\"font-size:14px\"><strong><span style=\"font-family:Arial,Helvetica,sans-serif\">Alignment with UAE regulatory and tendering requirements</span></strong></span></p>\r\n	</li>\r\n</ul>\r\n\r\n<h3><span style=\"font-size:22px\"><strong><span style=\"font-family:Arial,Helvetica,sans-serif\">What This Means for You</span></strong></span></h3>\r\n\r\n<p><span style=\"font-size:14px\"><strong><span style=\"font-family:Arial,Helvetica,sans-serif\">Choosing an EIAC-accredited ISO certification through our services offers you:</span></strong></span></p>\r\n\r\n<ul>\r\n	<li>\r\n	<p><span style=\"font-size:14px\"><strong><span style=\"font-family:Arial,Helvetica,sans-serif\">Global Acceptance &ndash; Your certificate is recognized in all IAF member countries</span></strong></span></p>\r\n	</li>\r\n	<li>\r\n	<p><span style=\"font-size:14px\"><strong><span style=\"font-family:Arial,Helvetica,sans-serif\">Eligibility for UAE Government Tenders &ndash; Many public and private sector contracts require EIAC-accredited certificates</span></strong></span></p>\r\n	</li>\r\n	<li>\r\n	<p><span style=\"font-size:14px\"><strong><span style=\"font-family:Arial,Helvetica,sans-serif\">Compliance with Local &amp; International Regulations &ndash; Especially important in sectors like construction, healthcare, manufacturing, and food safety</span></strong></span></p>\r\n	</li>\r\n	<li>\r\n	<p><span style=\"font-size:14px\"><strong><span style=\"font-family:Arial,Helvetica,sans-serif\">Professional Credibility &ndash; Builds trust with customers, suppliers, and regulators</span></strong></span></p>\r\n	</li>\r\n</ul>\r\n\r\n<h3><span style=\"font-size:22px\"><strong><span style=\"font-family:Arial,Helvetica,sans-serif\">Our Commitment to Quality and Accreditation</span></strong></span></h3>\r\n\r\n<p><span style=\"font-size:14px\"><strong><span style=\"font-family:Arial,Helvetica,sans-serif\">RCPL is believe in the true value of ISO certification, which comes only when issued through accredited and recognized channels. That&rsquo;s why we work closely with EIAC-accredited certification bodies to deliver ISO certification solutions that uphold quality, integrity, and international standards.</span></strong></span></p>\r\n\r\n<p><span style=\"font-size:14px\"><strong><span style=\"font-family:Arial,Helvetica,sans-serif\">We do not promote or support unaccredited or self-declared certifications, as these lack the recognition and credibility needed in today&#39;s global market.</span></strong></span></p>\r\n\r\n<h3><span style=\"font-size:20px\"><strong><span style=\"font-family:Arial,Helvetica,sans-serif\">Verify and Trust</span></strong></span></h3>\r\n\r\n<p><span style=\"font-size:14px\"><strong><span style=\"font-family:Arial,Helvetica,sans-serif\">All ISO certificates facilitated by us through EIAC-accredited certification bodies can be verified online via official directories or accreditation portals, offering complete transparency and peace of mind.</span></strong></span></p>\r\n', '', '', '1322819135.jpg', NULL, NULL, NULL, '2025-07-14 12:15:21'),
(222, '81', 'EIAC Accredited', '', '', '', '', '', '', '', '<h2><strong>EIAC UAE Accredited ISO Certification</strong></h2>\r\n\r\n<p><strong>RCPL is&nbsp;proud to offer ISO certifications accredited by the Emirates International Accreditation Centre (EIAC) &ndash; a leading national accreditation body in the United Arab Emirates. EIAC accreditation ensures that your ISO certification is recognized, respected, and trusted both locally and globally.</strong></p>\r\n\r\n<h3><strong>About EIAC &ndash; Emirates International Accreditation Centre</strong></h3>\r\n\r\n<p><strong>The Emirates International Accreditation Centre (EIAC) is a government body operating under the Government of Dubai, responsible for accrediting conformity assessment bodies (CABs) such as certification, inspection, and testing bodies. EIAC is a full member of the International Accreditation Forum (IAF) and the International Laboratory Accreditation Cooperation (ILAC).</strong></p>\r\n\r\n<p><strong>This global membership ensures that certifications accredited by EIAC are internationally recognized and accepted across borders, industries, and supply chains.</strong></p>\r\n\r\n<h3><strong>Benefits of EIAC-Accredited ISO Certification</strong></h3>\r\n\r\n<p><strong>International Recognition &ndash; EIAC-accredited ISO certificates are accepted by global organizations, regulatory bodies, and clients.</strong></p>\r\n\r\n<p><strong>Government &amp; Regulatory Compliance &ndash; Widely accepted in public sector contracts and regulatory frameworks in the UAE and Gulf region.</strong></p>\r\n\r\n<p><strong>Market Competitiveness &ndash; Enhances your business&rsquo;s credibility, brand image, and trust among stakeholders.</strong></p>\r\n\r\n<p><strong>Access to Tenders &amp; Export Markets &ndash; Essential for qualifying in UAE government tenders, oil &amp; gas projects, and international trade.</strong></p>\r\n\r\n<p><strong>Quality Assurance &ndash; EIAC ensures the impartiality, competence, and technical reliability of the certification bodies it accredits.</strong></p>\r\n\r\n<h3><strong>ISO Standards Offered with EIAC Accreditation</strong></h3>\r\n\r\n<p><strong>We provide consulting and certification support for a wide range of ISO standards under EIAC-accredited bodies, including but not limited to:</strong></p>\r\n\r\n<ul>\r\n	<li>\r\n	<p><strong>ISO 9001 &ndash; Quality Management Systems</strong></p>\r\n	</li>\r\n	<li>\r\n	<p><strong>ISO 14001 &ndash; Environmental Management Systems</strong></p>\r\n	</li>\r\n	<li>\r\n	<p><strong>ISO 45001 &ndash; Occupational Health &amp; Safety Management</strong></p>\r\n	</li>\r\n	<li>\r\n	<p><strong>ISO 22000 &ndash; Food Safety Management</strong></p>\r\n	</li>\r\n	<li>\r\n	<p><strong>ISO 27001 &ndash; Information Security Management</strong></p>\r\n	</li>\r\n	<li>\r\n	<p><strong>ISO 50001 &ndash; Energy Management Systems</strong></p>\r\n	</li>\r\n	<li>\r\n	<p><strong>ISO 13485 &ndash; Medical Devices Quality Management</strong></p>\r\n	</li>\r\n</ul>\r\n\r\n<h3><strong>Why Choose Us for EIAC-Accredited Certification?</strong></h3>\r\n\r\n<p><strong>RCPL is work closely with EIAC-accredited certification bodies to help organizations achieve internationally recognized ISO certifications. Our experienced consultants provide end-to-end support&mdash;from system development and documentation to internal audits and certification coordination.</strong></p>\r\n\r\n<p><strong>We ensure that your certification journey is smooth, efficient, and fully aligned with UAE regulatory standards and global compliance expectations.</strong></p>\r\n\r\n<h3><strong>Ready to Get Certified with EIAC Accreditation?</strong></h3>\r\n\r\n<p><strong>If you are looking to enhance your organization&rsquo;s reputation, expand your business opportunities, or comply with UAE tender and regulatory requirements, an EIAC-accredited ISO certificate is the smart choice.</strong></p>\r\n', '', '', '1021963804.jpg', NULL, NULL, NULL, '2025-07-14 11:59:38'),
(223, '81', 'ATC Register', '', '', '', '', '', '', '', '<h2><span style=\"font-size:22px\"><span style=\"font-family:Arial,Helvetica,sans-serif\"><strong>ATC Register &ndash; Verified ISO Certification Records</strong></span></span></h2>\r\n\r\n<p><span style=\"font-size:14px\"><span style=\"font-family:Arial,Helvetica,sans-serif\"><strong>RCPL is&nbsp;prioritize transparency, credibility, and trust when it comes to ISO certification. That&rsquo;s why we maintain an official ATC Register (Approved/Authorized Training &amp; Certification Register) to record and verify all ISO certificates issued through our network of accredited certification bodies.</strong></span></span></p>\r\n\r\n<p><span style=\"font-size:14px\"><span style=\"font-family:Arial,Helvetica,sans-serif\"><strong>The ATC Register serves as an authentic database of certified clients who have successfully implemented ISO standards and received valid, accredited certifications under our guidance and support.</strong></span></span></p>\r\n\r\n<h3><span style=\"font-size:22px\"><span style=\"font-family:Arial,Helvetica,sans-serif\"><strong>What is the ATC Register?</strong></span></span></h3>\r\n\r\n<p><span style=\"font-size:14px\"><span style=\"font-family:Arial,Helvetica,sans-serif\"><strong>The ATC Register is a publicly accessible directory of organizations that have been:</strong></span></span></p>\r\n\r\n<ul>\r\n	<li>\r\n	<p><span style=\"font-size:14px\"><span style=\"font-family:Arial,Helvetica,sans-serif\"><strong>Audited by certification bodies accredited by IAF-recognized accreditation bodies (such as EIAC, UKAS, IAS, etc.)</strong></span></span></p>\r\n	</li>\r\n	<li>\r\n	<p><span style=\"font-size:14px\"><span style=\"font-family:Arial,Helvetica,sans-serif\"><strong>Certified under internationally recognized ISO standards (e.g., ISO 9001, ISO 14001, ISO 45001, ISO 22000 etc.)</strong></span></span></p>\r\n	</li>\r\n	<li>\r\n	<p><span style=\"font-size:14px\"><span style=\"font-family:Arial,Helvetica,sans-serif\"><strong>Supported by RCPL for consultancy, implementation, or certification facilitation</strong></span></span></p>\r\n	</li>\r\n</ul>\r\n\r\n<p><span style=\"font-size:14px\"><span style=\"font-family:Arial,Helvetica,sans-serif\"><strong>This register is a tool to verify the authenticity of ISO certifications and showcase our clients&rsquo; commitment to quality, safety, environment, and compliance.</strong></span></span></p>\r\n\r\n<h3><span style=\"font-size:22px\"><span style=\"font-family:Arial,Helvetica,sans-serif\"><strong>Key Features of the ATC Register</strong></span></span></h3>\r\n\r\n<p><span style=\"font-size:14px\"><span style=\"font-family:Arial,Helvetica,sans-serif\"><strong>Certificate Verification &ndash; Easily check the status, validity, and scope of a client&rsquo;s ISO certification<br />\r\nAccredited Bodies Only &ndash; We only list certifications issued through IAF-recognized accreditation bodies<br />\r\nTransparency &amp; Trust &ndash; Enhances customer confidence and builds accountability for certified organizations<br />\r\nUpdated Records &ndash; Regularly maintained to reflect issued, renewed, or withdrawn certificates<br />\r\nPublic Access &ndash; Available to clients, partners, government agencies, and third parties upon request or via secure portal</strong></span></span></p>\r\n\r\n<h3><span style=\"font-size:22px\"><span style=\"font-family:Arial,Helvetica,sans-serif\"><strong>Why It Matters</strong></span></span></h3>\r\n\r\n<p><span style=\"font-size:14px\"><span style=\"font-family:Arial,Helvetica,sans-serif\"><strong>In today&rsquo;s global business environment, fake or unaccredited ISO certificates have become a concern. The ATC Register is our initiative to combat misleading certifications by providing a reliable platform for:</strong></span></span></p>\r\n\r\n<ul>\r\n	<li>\r\n	<p><span style=\"font-size:14px\"><span style=\"font-family:Arial,Helvetica,sans-serif\"><strong>Employers verifying vendor or supplier ISO credentials</strong></span></span></p>\r\n	</li>\r\n	<li>\r\n	<p><span style=\"font-size:14px\"><span style=\"font-family:Arial,Helvetica,sans-serif\"><strong>Organizations showcasing their certified status</strong></span></span></p>\r\n	</li>\r\n	<li>\r\n	<p><span style=\"font-size:14px\"><span style=\"font-family:Arial,Helvetica,sans-serif\"><strong>Auditors and regulators cross-checking ISO compliance</strong></span></span></p>\r\n	</li>\r\n	<li>\r\n	<p><span style=\"font-size:14px\"><span style=\"font-family:Arial,Helvetica,sans-serif\"><strong>Tendering authorities validating document authenticity</strong></span></span></p>\r\n	</li>\r\n</ul>\r\n\r\n<h3><span style=\"font-size:22px\"><span style=\"font-family:Arial,Helvetica,sans-serif\"><strong>Your Trust, Our Responsibility</strong></span></span></h3>\r\n\r\n<p><span style=\"font-family:Arial,Helvetica,sans-serif\"><strong>RCPL is believe that credibility begins with verification. Our ATC Register is an extension of that belief&mdash;helping clients, partners, and stakeholders trust the ISO certifications we help deliver.</strong></span></p>\r\n', '', '', '787806833.jpg', NULL, NULL, NULL, '2025-07-14 12:33:18'),
(224, '82', 'Aerospace and Defence', '', '', '', '', '', '', '', '<h2><span style=\"font-family:Arial,Helvetica,sans-serif\"><span style=\"font-size:14px\"><strong>The Aerospace and Defence sector demands the highest levels of quality, safety, precision, and regulatory compliance. RCPL&nbsp;provide specialized ISO certification services tailored to the complex needs of this high-risk, high-regulation industry. Our expertise ensures that aerospace and defence organizations meet stringent international standards, strengthen their global supply chain presence, and maintain operational excellence.</strong></span></span></h2>\r\n\r\n<h3><span style=\"font-size:20px\"><span style=\"font-family:Arial,Helvetica,sans-serif\"><strong>Key ISO Standards for Aerospace &amp; Defence</strong></span></span></h3>\r\n\r\n<p><span style=\"font-size:18px\"><span style=\"font-family:Arial,Helvetica,sans-serif\"><strong>1. AS9100 &ndash; Quality Management Systems for Aerospace</strong></span></span></p>\r\n\r\n<p><span style=\"font-family:Arial,Helvetica,sans-serif\"><span style=\"font-size:14px\"><strong>AS9100 is the most critical standard for quality management in aerospace manufacturing, design, and maintenance. It is based on ISO 9001 but includes additional requirements specific to aviation, space, and defence industries.</strong></span></span></p>\r\n\r\n<p><span style=\"font-family:Arial,Helvetica,sans-serif\"><span style=\"font-size:14px\"><strong>Benefits:</strong></span></span></p>\r\n\r\n<ul>\r\n	<li>\r\n	<p><span style=\"font-family:Arial,Helvetica,sans-serif\"><span style=\"font-size:14px\"><strong>Enhances product safety and reliability</strong></span></span></p>\r\n	</li>\r\n	<li>\r\n	<p><span style=\"font-family:Arial,Helvetica,sans-serif\"><span style=\"font-size:14px\"><strong>Ensures compliance with aerospace OEMs and regulatory bodies</strong></span></span></p>\r\n	</li>\r\n	<li>\r\n	<p><span style=\"font-family:Arial,Helvetica,sans-serif\"><span style=\"font-size:14px\"><strong>Increases efficiency in production and risk management</strong></span></span></p>\r\n	</li>\r\n</ul>\r\n\r\n<p><span style=\"font-size:18px\"><span style=\"font-family:Arial,Helvetica,sans-serif\"><strong>2. ISO 9001 &ndash; Quality Management System</strong></span></span></p>\r\n\r\n<p><span style=\"font-family:Arial,Helvetica,sans-serif\"><span style=\"font-size:14px\"><strong>ISO 9001 provides a strong foundation for quality management in all sectors, including aerospace. It ensures consistent quality in processes, documentation, and customer satisfaction.</strong></span></span></p>\r\n\r\n<p><span style=\"font-family:Arial,Helvetica,sans-serif\"><span style=\"font-size:14px\"><strong>Benefits:</strong></span></span></p>\r\n\r\n<ul>\r\n	<li>\r\n	<p><span style=\"font-family:Arial,Helvetica,sans-serif\"><span style=\"font-size:14px\"><strong>Boosts supplier confidence</strong></span></span></p>\r\n	</li>\r\n	<li>\r\n	<p><span style=\"font-family:Arial,Helvetica,sans-serif\"><span style=\"font-size:14px\"><strong>Standardizes operations and documentation</strong></span></span></p>\r\n	</li>\r\n	<li>\r\n	<p><span style=\"font-family:Arial,Helvetica,sans-serif\"><span style=\"font-size:14px\"><strong>Facilitates continuous improvement</strong></span></span></p>\r\n	</li>\r\n</ul>\r\n\r\n<p><span style=\"font-size:18px\"><span style=\"font-family:Arial,Helvetica,sans-serif\"><strong>3. ISO/IEC 27001 &ndash; Information Security Management</strong></span></span></p>\r\n\r\n<p><span style=\"font-family:Arial,Helvetica,sans-serif\"><span style=\"font-size:14px\"><strong>Cybersecurity and data protection are essential in defence and aerospace. ISO 27001 ensures that organizations manage sensitive information securely and prevent data breaches or cyberattacks.</strong></span></span></p>\r\n\r\n<p><span style=\"font-family:Arial,Helvetica,sans-serif\"><span style=\"font-size:14px\"><strong>Benefits:</strong></span></span></p>\r\n\r\n<ul>\r\n	<li>\r\n	<p><span style=\"font-family:Arial,Helvetica,sans-serif\"><span style=\"font-size:14px\"><strong>Strengthens IT and data security</strong></span></span></p>\r\n	</li>\r\n	<li>\r\n	<p><span style=\"font-family:Arial,Helvetica,sans-serif\"><span style=\"font-size:14px\"><strong>Complies with defence cybersecurity standards</strong></span></span></p>\r\n	</li>\r\n	<li>\r\n	<p><span style=\"font-family:Arial,Helvetica,sans-serif\"><span style=\"font-size:14px\"><strong>Protects intellectual property and classified information</strong></span></span></p>\r\n	</li>\r\n</ul>\r\n\r\n<p><span style=\"font-size:18px\"><span style=\"font-family:Arial,Helvetica,sans-serif\"><strong>4. ISO 45001 &ndash; Occupational Health &amp; Safety</strong></span></span></p>\r\n\r\n<p><span style=\"font-family:Arial,Helvetica,sans-serif\"><span style=\"font-size:14px\"><strong>Worker safety is paramount in aerospace manufacturing and operations. ISO 45001 ensures proactive management of health and safety risks, improving working conditions and legal compliance.</strong></span></span></p>\r\n\r\n<p><span style=\"font-size:18px\"><span style=\"font-family:Arial,Helvetica,sans-serif\"><strong>5. ISO 14001 &ndash; Environmental Management</strong></span></span></p>\r\n\r\n<p><span style=\"font-family:Arial,Helvetica,sans-serif\"><span style=\"font-size:14px\"><strong>Environmental responsibility is increasingly important. ISO 14001 helps aerospace and defence companies reduce their environmental footprint, manage waste, and comply with regulatory requirements.</strong></span></span></p>\r\n\r\n<p><span style=\"font-size:18px\"><span style=\"font-family:Arial,Helvetica,sans-serif\"><strong>6.&nbsp;ISO 22000&nbsp;&ndash;&nbsp;Food Safety Management System (FSMS)</strong></span></span></p>\r\n\r\n<ul>\r\n	<li>\r\n	<p><strong><span style=\"font-family:Arial,Helvetica,sans-serif\">Military Food Supplies: Ensures safe packaging, storage, and handling of rations and ready-to-eat (RTE) meals supplied to troops.</span></strong></p>\r\n	</li>\r\n	<li>\r\n	<p><strong><span style=\"font-family:Arial,Helvetica,sans-serif\">Aviation Catering Services: Protects passengers and crew from foodborne illnesses during flights.</span></strong></p>\r\n	</li>\r\n	<li>\r\n	<p><strong><span style=\"font-family:Arial,Helvetica,sans-serif\">Remote &amp; Field Operations: Maintains hygiene and food quality in temporary or mobile kitchens in defence or disaster zones.</span></strong></p>\r\n	</li>\r\n	<li>\r\n	<p><strong><span style=\"font-family:Arial,Helvetica,sans-serif\">Space Missions &amp; Aerospace Research: Guarantees the highest food safety standards for astronauts and research teams.</span></strong></p>\r\n	</li>\r\n</ul>\r\n', '', '', '42680937.jpg', NULL, NULL, NULL, '2025-07-12 10:38:22'),
(225, '82', 'Automotive', '', '', '', '', '', '', '', '<h2><span style=\"font-family:Arial,Helvetica,sans-serif\"><span style=\"font-size:22px\"><strong>ISO Certification for the Automotive Industry</strong></span></span></h2>\r\n\r\n<p><span style=\"font-family:Arial,Helvetica,sans-serif\"><strong>The automotive industry is one of the most competitive and quality-driven sectors in the world. Automotive manufacturers, suppliers, and service providers must meet rigorous international standards to ensure product safety, reliability, and customer satisfaction. RCPL provide end-to-end ISO certification services tailored to meet the unique needs of the automotive industry, enabling businesses to thrive in a highly regulated and innovation-driven environment.</strong></span></p>\r\n\r\n<h3><span style=\"font-family:Arial,Helvetica,sans-serif\"><span style=\"font-size:20px\"><strong>Key ISO Standards for the Automotive Industry</strong></span></span></h3>\r\n\r\n<p><span style=\"font-family:Arial,Helvetica,sans-serif\"><span style=\"font-size:18px\"><strong>1. IATF 16949 &ndash; Automotive Quality Management System</strong></span></span></p>\r\n\r\n<p><span style=\"font-family:Arial,Helvetica,sans-serif\"><strong>Developed by the International Automotive Task Force (IATF), this standard is based on ISO 9001 and specifically designed for the automotive sector.</strong></span></p>\r\n\r\n<p><span style=\"font-family:Arial,Helvetica,sans-serif\"><strong>Benefits:</strong></span></p>\r\n\r\n<ul>\r\n	<li>\r\n	<p><span style=\"font-family:Arial,Helvetica,sans-serif\"><strong>Standardizes global automotive quality requirements</strong></span></p>\r\n	</li>\r\n	<li>\r\n	<p><span style=\"font-family:Arial,Helvetica,sans-serif\"><strong>Reduces variation and waste in the supply chain</strong></span></p>\r\n	</li>\r\n	<li>\r\n	<p><span style=\"font-family:Arial,Helvetica,sans-serif\"><strong>Enhances product quality and customer satisfaction</strong></span></p>\r\n	</li>\r\n	<li>\r\n	<p><span style=\"font-family:Arial,Helvetica,sans-serif\"><strong>Required by major automotive OEMs and Tier 1 suppliers</strong></span></p>\r\n	</li>\r\n</ul>\r\n\r\n<p><span style=\"font-family:Arial,Helvetica,sans-serif\"><span style=\"font-size:18px\"><strong>2. ISO 9001 &ndash; Quality Management System</strong></span></span></p>\r\n\r\n<p><span style=\"font-family:Arial,Helvetica,sans-serif\"><strong>This foundational quality standard ensures consistent quality in products and services and serves as the basis for IATF 16949.</strong></span></p>\r\n\r\n<p><span style=\"font-family:Arial,Helvetica,sans-serif\"><strong>Benefits:</strong></span></p>\r\n\r\n<ul>\r\n	<li>\r\n	<p><span style=\"font-family:Arial,Helvetica,sans-serif\"><strong>Improves process efficiency</strong></span></p>\r\n	</li>\r\n	<li>\r\n	<p><span style=\"font-family:Arial,Helvetica,sans-serif\"><strong>Enhances customer confidence</strong></span></p>\r\n	</li>\r\n	<li>\r\n	<p><span style=\"font-family:Arial,Helvetica,sans-serif\"><strong>Encourages continual improvement and documentation control</strong></span></p>\r\n	</li>\r\n</ul>\r\n\r\n<p><span style=\"font-family:Arial,Helvetica,sans-serif\"><span style=\"font-size:18px\"><strong>3. ISO 14001 &ndash; Environmental Management System</strong></span></span></p>\r\n\r\n<p><span style=\"font-family:Arial,Helvetica,sans-serif\"><strong>Automotive manufacturers and suppliers must minimize their environmental footprint. ISO 14001 helps manage and reduce environmental impact.</strong></span></p>\r\n\r\n<p><span style=\"font-family:Arial,Helvetica,sans-serif\"><strong>Benefits:</strong></span></p>\r\n\r\n<ul>\r\n	<li>\r\n	<p><span style=\"font-family:Arial,Helvetica,sans-serif\"><strong>Promotes sustainable production</strong></span></p>\r\n	</li>\r\n	<li>\r\n	<p><span style=\"font-family:Arial,Helvetica,sans-serif\"><strong>Reduces emissions and waste</strong></span></p>\r\n	</li>\r\n	<li>\r\n	<p><span style=\"font-family:Arial,Helvetica,sans-serif\"><strong>Improves regulatory compliance and brand image</strong></span></p>\r\n	</li>\r\n</ul>\r\n\r\n<p><span style=\"font-family:Arial,Helvetica,sans-serif\"><span style=\"font-size:18px\"><strong>4. ISO 45001 &ndash; Occupational Health &amp; Safety Management</strong></span></span></p>\r\n\r\n<p><span style=\"font-family:Arial,Helvetica,sans-serif\"><strong>Ensures worker health and safety in manufacturing plants, workshops, and supply chain operations.</strong></span></p>\r\n\r\n<p><span style=\"font-family:Arial,Helvetica,sans-serif\"><strong>Benefits:</strong></span></p>\r\n\r\n<ul>\r\n	<li>\r\n	<p><span style=\"font-family:Arial,Helvetica,sans-serif\"><strong>Reduces workplace incidents and downtime</strong></span></p>\r\n	</li>\r\n	<li>\r\n	<p><span style=\"font-family:Arial,Helvetica,sans-serif\"><strong>Complies with safety regulations</strong></span></p>\r\n	</li>\r\n	<li>\r\n	<p><span style=\"font-family:Arial,Helvetica,sans-serif\"><strong>Promotes a safety-first workplace culture</strong></span></p>\r\n	</li>\r\n</ul>\r\n\r\n<p><span style=\"font-family:Arial,Helvetica,sans-serif\"><span style=\"font-size:18px\"><strong>5. ISO 27001 &ndash; Information Security Management</strong></span></span></p>\r\n\r\n<p><span style=\"font-family:Arial,Helvetica,sans-serif\"><strong>Protects sensitive data, intellectual property, and design files used in automotive R&amp;D, especially with the growth of connected and electric vehicles.</strong></span></p>\r\n\r\n<p><span style=\"font-family:Arial,Helvetica,sans-serif\"><strong>Benefits:</strong></span></p>\r\n\r\n<ul>\r\n	<li>\r\n	<p><span style=\"font-family:Arial,Helvetica,sans-serif\"><strong>Enhances cybersecurity</strong></span></p>\r\n	</li>\r\n	<li>\r\n	<p><span style=\"font-family:Arial,Helvetica,sans-serif\"><strong>Prevents data breaches and IP theft</strong></span></p>\r\n	</li>\r\n	<li>\r\n	<p><span style=\"font-family:Arial,Helvetica,sans-serif\"><strong>Builds trust with clients and partners</strong></span></p>\r\n	</li>\r\n</ul>\r\n\r\n<h3><span style=\"font-family:Arial,Helvetica,sans-serif\"><span style=\"font-size:20px\"><strong>Who Can Benefit?</strong></span></span></h3>\r\n\r\n<ul>\r\n	<li>\r\n	<p><span style=\"font-family:Arial,Helvetica,sans-serif\"><strong>Vehicle manufacturers (OEMs)</strong></span></p>\r\n	</li>\r\n	<li>\r\n	<p><span style=\"font-family:Arial,Helvetica,sans-serif\"><strong>Auto parts and component suppliers</strong></span></p>\r\n	</li>\r\n	<li>\r\n	<p><span style=\"font-family:Arial,Helvetica,sans-serif\"><strong>Electric vehicle (EV) companies</strong></span></p>\r\n	</li>\r\n	<li>\r\n	<p><span style=\"font-family:Arial,Helvetica,sans-serif\"><strong>Automotive electronics manufacturers</strong></span></p>\r\n	</li>\r\n	<li>\r\n	<p><span style=\"font-family:Arial,Helvetica,sans-serif\"><strong>Garage and repair workshop chains</strong></span></p>\r\n	</li>\r\n	<li>\r\n	<p><span style=\"font-family:Arial,Helvetica,sans-serif\"><strong>Logistics providers for the auto sector</strong></span></p>\r\n	</li>\r\n	<li>\r\n	<p><span style=\"font-family:Arial,Helvetica,sans-serif\"><strong>Auto R&amp;D and testing laboratories</strong></span></p>\r\n	</li>\r\n</ul>\r\n\r\n<h3><span style=\"font-family:Arial,Helvetica,sans-serif\"><span style=\"font-size:20px\"><strong>Why ISO Certification is Essential for Automotive Businesses ?</strong></span></span></h3>\r\n\r\n<ul>\r\n	<li>\r\n	<p><span style=\"font-family:Arial,Helvetica,sans-serif\"><strong>Boosts competitiveness in global markets</strong></span></p>\r\n	</li>\r\n	<li>\r\n	<p><span style=\"font-family:Arial,Helvetica,sans-serif\"><strong>Reduces defects, recalls, and customer complaints</strong></span></p>\r\n	</li>\r\n	<li>\r\n	<p><span style=\"font-family:Arial,Helvetica,sans-serif\"><strong>Ensures compliance with international and regulatory standards</strong></span></p>\r\n	</li>\r\n	<li>\r\n	<p><span style=\"font-family:Arial,Helvetica,sans-serif\"><strong>Improves supply chain transparency and reliability</strong></span></p>\r\n	</li>\r\n	<li>\r\n	<p><span style=\"font-family:Arial,Helvetica,sans-serif\"><strong>Supports environmental and safety commitments</strong></span></p>\r\n	</li>\r\n</ul>\r\n', '', '', '550947482.jpg', NULL, NULL, NULL, '2025-07-12 10:52:41');
INSERT INTO `tbl_product` (`pro_id`, `pro_category`, `pro_name`, `pro_type`, `pro_offer`, `pro_price`, `pro_Pack`, `pro_varient`, `pro_type1`, `pro_color`, `pro_desc`, `pro_brf`, `pro_more`, `pro_image`, `pro_image2`, `status`, `status_gal`, `pro_date`) VALUES
(226, '82', 'Asset management', '', '', '', '', '', '', '', '<p><span style=\"font-family:Arial,Helvetica,sans-serif\"><strong><span style=\"font-size:22px\">ISO Certification for the Asset Management Sector</span></strong></span></p>\r\n\r\n<p><span style=\"font-size:14px\"><span style=\"font-family:Arial,Helvetica,sans-serif\"><strong>Effective asset management is critical to maximizing the value of physical and intangible assets while minimizing risks, costs, and operational inefficiencies. Whether you manage infrastructure, utilities, equipment, IT assets, or investment portfolios, internationally recognized ISO certifications help ensure you follow best practices in managing the entire lifecycle of assets.</strong></span></span></p>\r\n\r\n<p><span style=\"font-size:14px\"><span style=\"font-family:Arial,Helvetica,sans-serif\"><strong>RCPL provide specialized ISO certification solutions that help organizations in the asset management sector implement globally recognized standards and improve performance, governance, and accountability.</strong></span></span></p>\r\n\r\n<h3><span style=\"font-size:20px\"><span style=\"font-family:Arial,Helvetica,sans-serif\"><strong>Key ISO Standards for the Asset Management Sector</strong></span></span></h3>\r\n\r\n<p><span style=\"font-size:18px\"><span style=\"font-family:Arial,Helvetica,sans-serif\"><strong>1. ISO 55001 &ndash; Asset Management System</strong></span></span></p>\r\n\r\n<p><span style=\"font-size:14px\"><span style=\"font-family:Arial,Helvetica,sans-serif\"><strong>ISO 55001 is the primary international standard for asset management. It provides a structured approach to managing assets efficiently, sustainably, and in alignment with organizational objectives.</strong></span></span></p>\r\n\r\n<p><span style=\"font-size:14px\"><span style=\"font-family:Arial,Helvetica,sans-serif\"><strong>Benefits:</strong></span></span></p>\r\n\r\n<ul>\r\n	<li>\r\n	<p><span style=\"font-size:14px\"><span style=\"font-family:Arial,Helvetica,sans-serif\"><strong>Optimizes asset performance and value</strong></span></span></p>\r\n	</li>\r\n	<li>\r\n	<p><span style=\"font-size:14px\"><span style=\"font-family:Arial,Helvetica,sans-serif\"><strong>Reduces lifecycle costs and risk</strong></span></span></p>\r\n	</li>\r\n	<li>\r\n	<p><span style=\"font-size:14px\"><span style=\"font-family:Arial,Helvetica,sans-serif\"><strong>Improves planning, utilization, and reliability of assets</strong></span></span></p>\r\n	</li>\r\n	<li>\r\n	<p><span style=\"font-size:14px\"><span style=\"font-family:Arial,Helvetica,sans-serif\"><strong>Enhances decision-making and stakeholder confidence</strong></span></span></p>\r\n	</li>\r\n</ul>\r\n\r\n<p><span style=\"font-size:18px\"><span style=\"font-family:Arial,Helvetica,sans-serif\"><strong>2. ISO 9001 &ndash; Quality Management System</strong></span></span></p>\r\n\r\n<p><span style=\"font-size:14px\"><span style=\"font-family:Arial,Helvetica,sans-serif\"><strong>ISO 9001 ensures that asset management processes, documentation, and service delivery maintain consistent quality and meet customer or regulatory expectations.</strong></span></span></p>\r\n\r\n<p><span style=\"font-size:14px\"><span style=\"font-family:Arial,Helvetica,sans-serif\"><strong>Benefits:</strong></span></span></p>\r\n\r\n<ul>\r\n	<li>\r\n	<p><span style=\"font-size:14px\"><span style=\"font-family:Arial,Helvetica,sans-serif\"><strong>Improves process control and efficiency</strong></span></span></p>\r\n	</li>\r\n	<li>\r\n	<p><span style=\"font-size:14px\"><span style=\"font-family:Arial,Helvetica,sans-serif\"><strong>Encourages continuous improvement</strong></span></span></p>\r\n	</li>\r\n	<li>\r\n	<p><span style=\"font-size:14px\"><span style=\"font-family:Arial,Helvetica,sans-serif\"><strong>Enhances customer and stakeholder satisfaction</strong></span></span></p>\r\n	</li>\r\n</ul>\r\n\r\n<p><span style=\"font-size:18px\"><span style=\"font-family:Arial,Helvetica,sans-serif\"><strong>3. ISO 14001 &ndash; Environmental Management System</strong></span></span></p>\r\n\r\n<p><span style=\"font-size:14px\"><span style=\"font-family:Arial,Helvetica,sans-serif\"><strong>Organizations that manage large infrastructure or energy-related assets can use ISO 14001 to minimize the environmental impact of asset usage, maintenance, and disposal.</strong></span></span></p>\r\n\r\n<p><span style=\"font-size:18px\"><span style=\"font-family:Arial,Helvetica,sans-serif\"><strong>4. ISO 45001 &ndash; Occupational Health &amp; Safety Management</strong></span></span></p>\r\n\r\n<p><span style=\"font-size:14px\"><span style=\"font-family:Arial,Helvetica,sans-serif\"><strong>This standard supports organizations in managing workplace health and safety risks related to the operation and maintenance of physical assets.</strong></span></span></p>\r\n\r\n<p><span style=\"font-size:18px\"><span style=\"font-family:Arial,Helvetica,sans-serif\"><strong>5. ISO/IEC 27001 &ndash; Information Security Management System</strong></span></span></p>\r\n\r\n<p><span style=\"font-size:14px\"><span style=\"font-family:Arial,Helvetica,sans-serif\"><strong>In IT asset management or finance-related environments, ISO 27001 ensures the protection of sensitive data and asset information systems.</strong></span></span></p>\r\n\r\n<h3><span style=\"font-size:20px\"><span style=\"font-family:Arial,Helvetica,sans-serif\"><strong>Who Can Benefit from ISO Certification in Asset Management?</strong></span></span></h3>\r\n\r\n<ul>\r\n	<li>\r\n	<p><span style=\"font-size:14px\"><span style=\"font-family:Arial,Helvetica,sans-serif\"><strong>Utility companies (power, water, telecom)</strong></span></span></p>\r\n	</li>\r\n	<li>\r\n	<p><span style=\"font-size:14px\"><span style=\"font-family:Arial,Helvetica,sans-serif\"><strong>Infrastructure owners (public and private)</strong></span></span></p>\r\n	</li>\r\n	<li>\r\n	<p><span style=\"font-size:14px\"><span style=\"font-family:Arial,Helvetica,sans-serif\"><strong>Real estate and property management firms</strong></span></span></p>\r\n	</li>\r\n	<li>\r\n	<p><span style=\"font-size:14px\"><span style=\"font-family:Arial,Helvetica,sans-serif\"><strong>Financial institutions and investment managers</strong></span></span></p>\r\n	</li>\r\n	<li>\r\n	<p><span style=\"font-size:14px\"><span style=\"font-family:Arial,Helvetica,sans-serif\"><strong>Facility management companies</strong></span></span></p>\r\n	</li>\r\n	<li>\r\n	<p><span style=\"font-size:14px\"><span style=\"font-family:Arial,Helvetica,sans-serif\"><strong>Transportation and logistics providers</strong></span></span></p>\r\n	</li>\r\n	<li>\r\n	<p><span style=\"font-size:14px\"><span style=\"font-family:Arial,Helvetica,sans-serif\"><strong>Oil &amp; gas and mining sectors</strong></span></span></p>\r\n	</li>\r\n	<li>\r\n	<p><span style=\"font-size:14px\"><span style=\"font-family:Arial,Helvetica,sans-serif\"><strong>IT and digital asset management providers</strong></span></span></p>\r\n	</li>\r\n</ul>\r\n\r\n<h3><span style=\"font-size:20px\"><span style=\"font-family:Arial,Helvetica,sans-serif\"><strong>Why ISO Certification Matters in Asset Management</strong></span></span></h3>\r\n\r\n<ul>\r\n	<li>\r\n	<p><span style=\"font-size:14px\"><span style=\"font-family:Arial,Helvetica,sans-serif\"><strong>&nbsp;Ensures optimal return on investment from assets</strong></span></span></p>\r\n	</li>\r\n	<li>\r\n	<p><span style=\"font-size:14px\"><span style=\"font-family:Arial,Helvetica,sans-serif\"><strong>Minimizes operational and compliance risk</strong></span></span></p>\r\n	</li>\r\n	<li>\r\n	<p><span style=\"font-size:14px\"><span style=\"font-family:Arial,Helvetica,sans-serif\"><strong>Improves lifecycle planning and maintenance</strong></span></span></p>\r\n	</li>\r\n	<li>\r\n	<p><span style=\"font-size:14px\"><span style=\"font-family:Arial,Helvetica,sans-serif\"><strong>Supports sustainable and efficient asset use</strong></span></span></p>\r\n	</li>\r\n	<li>\r\n	<p><span style=\"font-size:14px\"><span style=\"font-family:Arial,Helvetica,sans-serif\"><strong>Enhances reporting, accountability, and governance</strong></span></span></p>\r\n	</li>\r\n	<li>\r\n	<p><span style=\"font-size:14px\"><span style=\"font-family:Arial,Helvetica,sans-serif\"><strong>Builds trust with regulators, investors, and stakeholders</strong></span></span></p>\r\n	</li>\r\n</ul>\r\n', '', '', '331894734.jpg', NULL, NULL, NULL, '2025-07-12 11:07:20'),
(227, '82', 'Chemicals', '', '', '', '', '', '', '', '<h2><span style=\"font-family:Arial,Helvetica,sans-serif\"><strong><span style=\"font-size:22px\">ISO Certification for the Chemical Industry</span></strong></span></h2>\r\n\r\n<p><span style=\"font-family:Arial,Helvetica,sans-serif\"><strong>The chemical industry operates in a highly regulated, high-risk environment where quality, safety, environmental control, and compliance are absolutely critical. From production to packaging and distribution, every stage must meet strict international standards.</strong></span></p>\r\n\r\n<p><span style=\"font-family:Arial,Helvetica,sans-serif\"><strong>At [Your Company Name], we help chemical manufacturers, processors, and suppliers achieve ISO certifications that build trust, improve operations, and ensure regulatory compliance&mdash;across local and global markets.</strong></span></p>\r\n\r\n<h3><span style=\"font-family:Arial,Helvetica,sans-serif\"><strong><span style=\"font-size:22px\">Who We Serve in the Chemical Industry:</span></strong></span></h3>\r\n\r\n<ul>\r\n	<li>\r\n	<p><span style=\"font-family:Arial,Helvetica,sans-serif\"><strong>Chemical manufacturers and processing plants</strong></span></p>\r\n	</li>\r\n	<li>\r\n	<p><span style=\"font-family:Arial,Helvetica,sans-serif\"><strong>Specialty chemical producers</strong></span></p>\r\n	</li>\r\n	<li>\r\n	<p><span style=\"font-family:Arial,Helvetica,sans-serif\"><strong>Petrochemical and industrial gas companies</strong></span></p>\r\n	</li>\r\n	<li>\r\n	<p><span style=\"font-family:Arial,Helvetica,sans-serif\"><strong>Fertilizer and pesticide manufacturers</strong></span></p>\r\n	</li>\r\n	<li>\r\n	<p><span style=\"font-family:Arial,Helvetica,sans-serif\"><strong>Paints, dyes, and coatings companies</strong></span></p>\r\n	</li>\r\n	<li>\r\n	<p><span style=\"font-family:Arial,Helvetica,sans-serif\"><strong>Pharmaceutical intermediates and raw material producers</strong></span></p>\r\n	</li>\r\n	<li>\r\n	<p><span style=\"font-family:Arial,Helvetica,sans-serif\"><strong>Cleaning agents and consumer chemical brands</strong></span></p>\r\n	</li>\r\n</ul>\r\n\r\n<h3><span style=\"font-family:Arial,Helvetica,sans-serif\"><strong><span style=\"font-size:22px\">Key ISO Standards for the Chemical Sector</span></strong></span></h3>\r\n\r\n<p><span style=\"font-size:16px\"><span style=\"font-family:Arial,Helvetica,sans-serif\"><strong>1. ISO 9001 &ndash; Quality Management System</strong></span></span></p>\r\n\r\n<p><span style=\"font-family:Arial,Helvetica,sans-serif\"><strong>This globally recognized standard ensures consistency and continual improvement in quality across production, process control, and service delivery.</strong></span></p>\r\n\r\n<p><span style=\"font-family:Arial,Helvetica,sans-serif\"><strong>Benefits:</strong></span></p>\r\n\r\n<ul>\r\n	<li>\r\n	<p><span style=\"font-family:Arial,Helvetica,sans-serif\"><strong>Improves process efficiency and product consistency</strong></span></p>\r\n	</li>\r\n	<li>\r\n	<p><span style=\"font-family:Arial,Helvetica,sans-serif\"><strong>Reduces defects, waste, and recalls</strong></span></p>\r\n	</li>\r\n	<li>\r\n	<p><span style=\"font-family:Arial,Helvetica,sans-serif\"><strong>Builds credibility with buyers and partners</strong></span></p>\r\n	</li>\r\n</ul>\r\n\r\n<p><span style=\"font-size:16px\"><span style=\"font-family:Arial,Helvetica,sans-serif\"><strong>2. ISO 14001 &ndash; Environmental Management System</strong></span></span></p>\r\n\r\n<p><span style=\"font-family:Arial,Helvetica,sans-serif\"><strong>Essential for the chemical industry to manage environmental risks and meet legal environmental requirements.</strong></span></p>\r\n\r\n<p><span style=\"font-family:Arial,Helvetica,sans-serif\"><strong>Benefits:</strong></span></p>\r\n\r\n<ul>\r\n	<li>\r\n	<p><span style=\"font-family:Arial,Helvetica,sans-serif\"><strong>Minimizes environmental footprint and hazardous waste</strong></span></p>\r\n	</li>\r\n	<li>\r\n	<p><span style=\"font-family:Arial,Helvetica,sans-serif\"><strong>Ensures compliance with environmental laws</strong></span></p>\r\n	</li>\r\n	<li>\r\n	<p><span style=\"font-family:Arial,Helvetica,sans-serif\"><strong>Improves sustainability and public image</strong></span></p>\r\n	</li>\r\n</ul>\r\n\r\n<p><span style=\"font-size:16px\"><span style=\"font-family:Arial,Helvetica,sans-serif\"><strong>3. ISO 45001 &ndash; Occupational Health &amp; Safety Management</strong></span></span></p>\r\n\r\n<p><span style=\"font-family:Arial,Helvetica,sans-serif\"><strong>A key requirement in chemical manufacturing where employees work with hazardous substances and processes.</strong></span></p>\r\n\r\n<p><span style=\"font-family:Arial,Helvetica,sans-serif\"><strong>Benefits:</strong></span></p>\r\n\r\n<ul>\r\n	<li>\r\n	<p><span style=\"font-family:Arial,Helvetica,sans-serif\"><strong>Reduces workplace injuries and illnesses</strong></span></p>\r\n	</li>\r\n	<li>\r\n	<p><span style=\"font-family:Arial,Helvetica,sans-serif\"><strong>Promotes a strong safety culture</strong></span></p>\r\n	</li>\r\n	<li>\r\n	<p><span style=\"font-family:Arial,Helvetica,sans-serif\"><strong>Enhances legal and regulatory compliance</strong></span></p>\r\n	</li>\r\n</ul>\r\n\r\n<p><span style=\"font-size:16px\"><span style=\"font-family:Arial,Helvetica,sans-serif\"><strong>4. ISO 50001 &ndash; Energy Management System</strong></span></span></p>\r\n\r\n<p><span style=\"font-family:Arial,Helvetica,sans-serif\"><strong>Helps chemical plants manage high energy consumption more effectively.</strong></span></p>\r\n\r\n<p><span style=\"font-family:Arial,Helvetica,sans-serif\"><strong>Benefits:</strong></span></p>\r\n\r\n<ul>\r\n	<li>\r\n	<p><span style=\"font-family:Arial,Helvetica,sans-serif\"><strong>Improves energy efficiency</strong></span></p>\r\n	</li>\r\n	<li>\r\n	<p><span style=\"font-family:Arial,Helvetica,sans-serif\"><strong>Reduces energy costs</strong></span></p>\r\n	</li>\r\n	<li>\r\n	<p><span style=\"font-family:Arial,Helvetica,sans-serif\"><strong>Supports sustainability goals</strong></span></p>\r\n	</li>\r\n</ul>\r\n\r\n<p><span style=\"font-size:16px\"><span style=\"font-family:Arial,Helvetica,sans-serif\"><strong>5. ISO 27001 &ndash; Information Security Management System</strong></span></span></p>\r\n\r\n<p><span style=\"font-family:Arial,Helvetica,sans-serif\"><strong>Relevant for protecting R&amp;D data, chemical formulations, and intellectual property in digital systems.</strong></span></p>\r\n\r\n<p><span style=\"font-family:Arial,Helvetica,sans-serif\"><strong>Benefits:</strong></span></p>\r\n\r\n<ul>\r\n	<li>\r\n	<p><span style=\"font-family:Arial,Helvetica,sans-serif\"><strong>Secures sensitive data</strong></span></p>\r\n	</li>\r\n	<li>\r\n	<p><span style=\"font-family:Arial,Helvetica,sans-serif\"><strong>Prevents cyber threats</strong></span></p>\r\n	</li>\r\n	<li>\r\n	<p><span style=\"font-family:Arial,Helvetica,sans-serif\"><strong>Builds trust with partners and clients</strong></span></p>\r\n	</li>\r\n</ul>\r\n\r\n<h2><span style=\"font-family:Arial,Helvetica,sans-serif\"><span style=\"font-size:22px\"><strong>Why ISO Certification is Critical for the Chemical Industry</strong></span></span></h2>\r\n\r\n<ul>\r\n	<li>\r\n	<p><span style=\"font-family:Arial,Helvetica,sans-serif\"><strong>Meets regulatory requirements and international compliance</strong></span></p>\r\n	</li>\r\n	<li>\r\n	<p><span style=\"font-family:Arial,Helvetica,sans-serif\"><strong>Ensures safe handling and manufacturing of chemicals</strong></span></p>\r\n	</li>\r\n	<li>\r\n	<p><span style=\"font-family:Arial,Helvetica,sans-serif\"><strong>Enhances environmental and workplace responsibility</strong></span></p>\r\n	</li>\r\n	<li>\r\n	<p><span style=\"font-family:Arial,Helvetica,sans-serif\"><strong>Improves operational efficiency and market access</strong></span></p>\r\n	</li>\r\n	<li>\r\n	<p><span style=\"font-family:Arial,Helvetica,sans-serif\"><strong>Increases trust with suppliers, regulators, and global customers</strong></span></p>\r\n	</li>\r\n</ul>\r\n', '', '', '1942980332.jpg', NULL, NULL, NULL, '2025-07-12 11:32:19'),
(228, '82', 'Banking and capital markets', '', '', '', '', '', '', '', '<h2><span style=\"font-size:22px\"><span style=\"font-family:Arial,Helvetica,sans-serif\"><strong>ISO Certification for Banking &amp; Capital Markets</strong></span></span></h2>\r\n\r\n<p><span style=\"font-size:14px\"><span style=\"font-family:Arial,Helvetica,sans-serif\"><strong>The banking and capital markets industry is evolving rapidly&mdash;driven by digital transformation, heightened regulatory scrutiny, growing customer expectations, and increasing cyber threats. To remain competitive and compliant, banks, financial institutions, investment firms, and capital market players must implement robust management systems aligned with international standards.</strong></span></span></p>\r\n\r\n<p><span style=\"font-size:14px\"><span style=\"font-family:Arial,Helvetica,sans-serif\"><strong>RCPL help institutions in the Banking, Financial Services, and Insurance (BFSI) sector achieve globally recognized ISO certifications that ensure operational excellence, data security, compliance, and customer trust.</strong></span></span></p>\r\n\r\n<h3><span style=\"font-size:22px\"><span style=\"font-family:Arial,Helvetica,sans-serif\"><strong>Key ISO Standards for the Banking &amp; Capital Markets Sector</strong></span></span></h3>\r\n\r\n<p><span style=\"font-size:18px\"><span style=\"font-family:Arial,Helvetica,sans-serif\"><strong>1. ISO/IEC 27001 &ndash; Information Security Management System (ISMS)</strong></span></span></p>\r\n\r\n<p><span style=\"font-size:14px\"><span style=\"font-family:Arial,Helvetica,sans-serif\"><strong>This is the most critical standard for the financial sector, ensuring secure handling of sensitive customer and transaction data.</strong></span></span></p>\r\n\r\n<p><span style=\"font-size:14px\"><span style=\"font-family:Arial,Helvetica,sans-serif\"><strong>Benefits:</strong></span></span></p>\r\n\r\n<ul>\r\n	<li>\r\n	<p><span style=\"font-size:14px\"><span style=\"font-family:Arial,Helvetica,sans-serif\"><strong>Protects against cyber threats and data breaches</strong></span></span></p>\r\n	</li>\r\n	<li>\r\n	<p><span style=\"font-size:14px\"><span style=\"font-family:Arial,Helvetica,sans-serif\"><strong>Complies with data privacy regulations (e.g., GDPR, RBI guidelines)</strong></span></span></p>\r\n	</li>\r\n	<li>\r\n	<p><span style=\"font-size:14px\"><span style=\"font-family:Arial,Helvetica,sans-serif\"><strong>Builds trust with clients, partners, and regulators</strong></span></span></p>\r\n	</li>\r\n</ul>\r\n\r\n<p><span style=\"font-size:18px\"><span style=\"font-family:Arial,Helvetica,sans-serif\"><strong>2. ISO 22301 &ndash; Business Continuity Management System</strong></span></span></p>\r\n\r\n<p><span style=\"font-size:14px\"><span style=\"font-family:Arial,Helvetica,sans-serif\"><strong>Ensures uninterrupted services during cyberattacks, financial crises, or operational disruptions.</strong></span></span></p>\r\n\r\n<p><span style=\"font-size:14px\"><span style=\"font-family:Arial,Helvetica,sans-serif\"><strong>Benefits:</strong></span></span></p>\r\n\r\n<ul>\r\n	<li>\r\n	<p><span style=\"font-size:14px\"><span style=\"font-family:Arial,Helvetica,sans-serif\"><strong>Minimizes downtime and financial risk</strong></span></span></p>\r\n	</li>\r\n	<li>\r\n	<p><span style=\"font-size:14px\"><span style=\"font-family:Arial,Helvetica,sans-serif\"><strong>Improves disaster recovery planning</strong></span></span></p>\r\n	</li>\r\n	<li>\r\n	<p><span style=\"font-size:14px\"><span style=\"font-family:Arial,Helvetica,sans-serif\"><strong>Meets business continuity compliance requirements</strong></span></span></p>\r\n	</li>\r\n</ul>\r\n\r\n<p><span style=\"font-size:18px\"><span style=\"font-family:Arial,Helvetica,sans-serif\"><strong>3. ISO 9001 &ndash; Quality Management System</strong></span></span></p>\r\n\r\n<p><span style=\"font-size:14px\"><span style=\"font-family:Arial,Helvetica,sans-serif\"><strong>Helps financial institutions deliver consistent, reliable services while improving customer satisfaction.</strong></span></span></p>\r\n\r\n<p><span style=\"font-size:14px\"><span style=\"font-family:Arial,Helvetica,sans-serif\"><strong>Benefits:</strong></span></span></p>\r\n\r\n<ul>\r\n	<li>\r\n	<p><span style=\"font-size:14px\"><span style=\"font-family:Arial,Helvetica,sans-serif\"><strong>Enhances process efficiency and service quality</strong></span></span></p>\r\n	</li>\r\n	<li>\r\n	<p><span style=\"font-size:14px\"><span style=\"font-family:Arial,Helvetica,sans-serif\"><strong>Promotes customer-focused management</strong></span></span></p>\r\n	</li>\r\n	<li>\r\n	<p><span style=\"font-size:14px\"><span style=\"font-family:Arial,Helvetica,sans-serif\"><strong>Drives continuous improvement</strong></span></span></p>\r\n	</li>\r\n</ul>\r\n\r\n<p><span style=\"font-size:18px\"><span style=\"font-family:Arial,Helvetica,sans-serif\"><strong>4. ISO 20000-1 &ndash; IT Service Management System</strong></span></span></p>\r\n\r\n<p><span style=\"font-size:14px\"><span style=\"font-family:Arial,Helvetica,sans-serif\"><strong>Ideal for institutions heavily reliant on IT infrastructure, including online banking platforms, trading systems, and mobile apps.</strong></span></span></p>\r\n\r\n<p><span style=\"font-size:14px\"><span style=\"font-family:Arial,Helvetica,sans-serif\"><strong>Benefits:</strong></span></span></p>\r\n\r\n<ul>\r\n	<li>\r\n	<p><span style=\"font-size:14px\"><span style=\"font-family:Arial,Helvetica,sans-serif\"><strong>Improves IT service delivery and support</strong></span></span></p>\r\n	</li>\r\n	<li>\r\n	<p><span style=\"font-size:14px\"><span style=\"font-family:Arial,Helvetica,sans-serif\"><strong>Aligns IT operations with business needs</strong></span></span></p>\r\n	</li>\r\n	<li>\r\n	<p><span style=\"font-size:14px\"><span style=\"font-family:Arial,Helvetica,sans-serif\"><strong>Reduces service outages and customer complaints</strong></span></span></p>\r\n	</li>\r\n</ul>\r\n\r\n<p><span style=\"font-size:18px\"><span style=\"font-family:Arial,Helvetica,sans-serif\"><strong>5. ISO 31000 &ndash; Risk Management (Guidelines)</strong></span></span></p>\r\n\r\n<p><span style=\"font-size:14px\"><span style=\"font-family:Arial,Helvetica,sans-serif\"><strong>Though not certifiable, ISO 31000 provides a comprehensive framework for risk identification, assessment, and mitigation across financial operations.</strong></span></span></p>\r\n\r\n<h3><span style=\"font-size:22px\"><span style=\"font-family:Arial,Helvetica,sans-serif\"><strong>Who Can Benefit?</strong></span></span></h3>\r\n\r\n<ul>\r\n	<li>\r\n	<p><span style=\"font-size:14px\"><span style=\"font-family:Arial,Helvetica,sans-serif\"><strong>Commercial &amp; retail banks</strong></span></span></p>\r\n	</li>\r\n	<li>\r\n	<p><span style=\"font-size:14px\"><span style=\"font-family:Arial,Helvetica,sans-serif\"><strong>Investment banks &amp; brokerage firms</strong></span></span></p>\r\n	</li>\r\n	<li>\r\n	<p><span style=\"font-size:14px\"><span style=\"font-family:Arial,Helvetica,sans-serif\"><strong>Asset management &amp; mutual fund companies</strong></span></span></p>\r\n	</li>\r\n	<li>\r\n	<p><span style=\"font-size:14px\"><span style=\"font-family:Arial,Helvetica,sans-serif\"><strong>Wealth management &amp; financial advisory firms</strong></span></span></p>\r\n	</li>\r\n	<li>\r\n	<p><span style=\"font-size:14px\"><span style=\"font-family:Arial,Helvetica,sans-serif\"><strong>Stock exchanges and clearing houses</strong></span></span></p>\r\n	</li>\r\n	<li>\r\n	<p><span style=\"font-size:14px\"><span style=\"font-family:Arial,Helvetica,sans-serif\"><strong>Payment processors &amp; fintech companies</strong></span></span></p>\r\n	</li>\r\n	<li>\r\n	<p><span style=\"font-size:14px\"><span style=\"font-family:Arial,Helvetica,sans-serif\"><strong>Non-banking financial companies (NBFCs)</strong></span></span></p>\r\n	</li>\r\n</ul>\r\n\r\n<h3><span style=\"font-size:22px\"><span style=\"font-family:Arial,Helvetica,sans-serif\"><strong>Why ISO Certification Matters in BFSI</strong></span></span></h3>\r\n\r\n<ul>\r\n	<li>\r\n	<p><span style=\"font-size:14px\"><span style=\"font-family:Arial,Helvetica,sans-serif\"><strong>Ensures robust cybersecurity and data protection</strong></span></span></p>\r\n	</li>\r\n	<li>\r\n	<p><span style=\"font-size:14px\"><span style=\"font-family:Arial,Helvetica,sans-serif\"><strong>Enhances compliance with global financial regulations</strong></span></span></p>\r\n	</li>\r\n	<li>\r\n	<p><span style=\"font-size:14px\"><span style=\"font-family:Arial,Helvetica,sans-serif\"><strong>Builds trust with stakeholders, investors, and clients</strong></span></span></p>\r\n	</li>\r\n	<li>\r\n	<p><span style=\"font-size:14px\"><span style=\"font-family:Arial,Helvetica,sans-serif\"><strong>Improves operational reliability and service quality</strong></span></span></p>\r\n	</li>\r\n	<li>\r\n	<p><span style=\"font-size:14px\"><span style=\"font-family:Arial,Helvetica,sans-serif\"><strong>Strengthens brand reputation in a competitive market</strong></span></span></p>\r\n	</li>\r\n</ul>\r\n', '', '', '1311780736.jpg', NULL, NULL, NULL, '2025-07-12 11:38:31'),
(229, '82', 'Capital projects and infrastructure', '', '', '', '', '', '', '', '<h2><span style=\"font-size:22px\"><span style=\"font-family:Arial,Helvetica,sans-serif\"><strong>ISO Certification for Capital Projects &amp; Infrastructure</strong></span></span></h2>\r\n\r\n<p><span style=\"font-size:14px\"><span style=\"font-family:Arial,Helvetica,sans-serif\"><strong>The capital projects and infrastructure sector involves large-scale investments in public and private assets&mdash;from highways and railways to energy plants, airports, ports, smart cities, and real estate developments. These projects are complex, high-risk, and highly regulated.</strong></span></span></p>\r\n\r\n<p><span style=\"font-family:Arial,Helvetica,sans-serif\"><strong><span style=\"font-size:14px\">RCPL organizations involved in infrastructure development and capital projects achieve international ISO certifications that enhance quality, safety, environmental performance, and risk management. Our solutions are tailored to support smooth project execution, stakeholder confidence, and long-term sustainability.</span></strong></span><br />\r\n&nbsp;</p>\r\n\r\n<h3><span style=\"font-size:20px\"><span style=\"font-family:Arial,Helvetica,sans-serif\"><strong>Who Can Benefit?</strong></span></span></h3>\r\n\r\n<ul>\r\n	<li>\r\n	<p><span style=\"font-size:14px\"><span style=\"font-family:Arial,Helvetica,sans-serif\"><strong>Civil construction companies</strong></span></span></p>\r\n	</li>\r\n	<li>\r\n	<p><span style=\"font-size:14px\"><span style=\"font-family:Arial,Helvetica,sans-serif\"><strong>EPC (Engineering, Procurement &amp; Construction) contractors</strong></span></span></p>\r\n	</li>\r\n	<li>\r\n	<p><span style=\"font-size:14px\"><span style=\"font-family:Arial,Helvetica,sans-serif\"><strong>Real estate developers</strong></span></span></p>\r\n	</li>\r\n	<li>\r\n	<p><span style=\"font-size:14px\"><span style=\"font-family:Arial,Helvetica,sans-serif\"><strong>Energy &amp; utility companies</strong></span></span></p>\r\n	</li>\r\n	<li>\r\n	<p><span style=\"font-size:14px\"><span style=\"font-family:Arial,Helvetica,sans-serif\"><strong>Public infrastructure agencies</strong></span></span></p>\r\n	</li>\r\n	<li>\r\n	<p><span style=\"font-size:14px\"><span style=\"font-family:Arial,Helvetica,sans-serif\"><strong>Urban development &amp; smart city projects</strong></span></span></p>\r\n	</li>\r\n	<li>\r\n	<p><span style=\"font-size:14px\"><span style=\"font-family:Arial,Helvetica,sans-serif\"><strong>Transport &amp; logistics infrastructure (roads, rail, ports, airports)</strong></span></span></p>\r\n	</li>\r\n</ul>\r\n\r\n<p>&nbsp;</p>\r\n\r\n<h3><span style=\"font-size:20px\"><span style=\"font-family:Arial,Helvetica,sans-serif\"><strong>Why ISO Certification Matters in Infrastructure &amp; Capital Projects</strong></span></span></h3>\r\n\r\n<ul>\r\n	<li>\r\n	<p><span style=\"font-size:14px\"><span style=\"font-family:Arial,Helvetica,sans-serif\"><strong>Reduces project risk and enhances stakeholder confidence</strong></span></span></p>\r\n	</li>\r\n	<li>\r\n	<p><span style=\"font-size:14px\"><span style=\"font-family:Arial,Helvetica,sans-serif\"><strong>Ensures compliance with regulatory, legal, and environmental norms</strong></span></span></p>\r\n	</li>\r\n	<li>\r\n	<p><span style=\"font-size:14px\"><span style=\"font-family:Arial,Helvetica,sans-serif\"><strong>Improves project quality, safety, and on-time delivery</strong></span></span></p>\r\n	</li>\r\n	<li>\r\n	<p><span style=\"font-size:14px\"><span style=\"font-family:Arial,Helvetica,sans-serif\"><strong>Enhances contractor performance monitoring and accountability</strong></span></span></p>\r\n	</li>\r\n	<li>\r\n	<p><span style=\"font-family:Arial,Helvetica,sans-serif\"><strong><span style=\"font-size:14px\">Supports sustainability and energy efficiency goals</span></strong></span><br />\r\n	&nbsp;</p>\r\n	</li>\r\n</ul>\r\n\r\n<p><span style=\"font-size:20px\"><span style=\"font-family:Arial,Helvetica,sans-serif\"><strong>Key ISO Standards for Capital Projects &amp; Infrastructure</strong></span></span></p>\r\n\r\n<ul>\r\n	<li>\r\n	<p><span style=\"font-size:18px\"><span style=\"font-family:Arial,Helvetica,sans-serif\"><strong>1. ISO 9001 &ndash; Quality Management System</strong></span></span></p>\r\n\r\n	<p><span style=\"font-size:14px\"><span style=\"font-family:Arial,Helvetica,sans-serif\"><strong>Ensures consistent quality across all project phases&mdash;from design and procurement to construction and maintenance.</strong></span></span></p>\r\n\r\n	<p><span style=\"font-size:14px\"><span style=\"font-family:Arial,Helvetica,sans-serif\"><strong>Benefits:</strong></span></span></p>\r\n	</li>\r\n	<li>\r\n	<p><span style=\"font-size:14px\"><span style=\"font-family:Arial,Helvetica,sans-serif\"><strong>Promotes structured project execution and documentation</strong></span></span></p>\r\n	</li>\r\n	<li>\r\n	<p><span style=\"font-size:14px\"><span style=\"font-family:Arial,Helvetica,sans-serif\"><strong>Enhances contractor and supplier performance</strong></span></span></p>\r\n	</li>\r\n	<li>\r\n	<p><span style=\"font-size:14px\"><span style=\"font-family:Arial,Helvetica,sans-serif\"><strong>Reduces costly errors, delays, and rework</strong></span></span></p>\r\n	</li>\r\n	<li>\r\n	<p><span style=\"font-size:18px\"><span style=\"font-family:Arial,Helvetica,sans-serif\"><strong>2. ISO 14001 &ndash; Environmental Management System</strong></span></span></p>\r\n\r\n	<p><span style=\"font-size:14px\"><span style=\"font-family:Arial,Helvetica,sans-serif\"><strong>Critical for infrastructure projects that significantly impact the environment. Helps manage environmental risks and comply with regulatory requirements.</strong></span></span></p>\r\n\r\n	<p><span style=\"font-size:14px\"><span style=\"font-family:Arial,Helvetica,sans-serif\"><strong>Benefits:</strong></span></span></p>\r\n	</li>\r\n	<li>\r\n	<p><span style=\"font-size:14px\"><span style=\"font-family:Arial,Helvetica,sans-serif\"><strong>Minimizes environmental footprint of large-scale projects</strong></span></span></p>\r\n	</li>\r\n	<li>\r\n	<p><span style=\"font-size:14px\"><span style=\"font-family:Arial,Helvetica,sans-serif\"><strong>Supports sustainable development goals</strong></span></span></p>\r\n	</li>\r\n	<li>\r\n	<p><span style=\"font-size:14px\"><span style=\"font-family:Arial,Helvetica,sans-serif\"><strong>Ensures compliance with local and international environmental laws</strong></span></span></p>\r\n	</li>\r\n	<li>\r\n	<p><span style=\"font-size:18px\"><span style=\"font-family:Arial,Helvetica,sans-serif\"><strong>3. ISO 45001 &ndash; Occupational Health &amp; Safety Management System</strong></span></span></p>\r\n\r\n	<p><span style=\"font-size:16px\"><span style=\"font-family:Arial,Helvetica,sans-serif\"><strong>Construction and infrastructure projects are high-risk environments. ISO 45001 ensures safe working conditions for employees, contractors, and site workers.</strong></span></span></p>\r\n\r\n	<p><span style=\"font-size:16px\"><span style=\"font-family:Arial,Helvetica,sans-serif\"><strong>Benefits:</strong></span></span></p>\r\n	</li>\r\n	<li>\r\n	<p><span style=\"font-size:16px\"><span style=\"font-family:Arial,Helvetica,sans-serif\"><strong>Reduces accidents and work-related injuries</strong></span></span></p>\r\n	</li>\r\n	<li>\r\n	<p><span style=\"font-size:16px\"><span style=\"font-family:Arial,Helvetica,sans-serif\"><strong>Demonstrates legal compliance and duty of care</strong></span></span></p>\r\n	</li>\r\n	<li>\r\n	<p><span style=\"font-size:16px\"><span style=\"font-family:Arial,Helvetica,sans-serif\"><strong>Improves workforce morale and productivity</strong></span></span></p>\r\n	</li>\r\n	<li>\r\n	<p><span style=\"font-size:18px\"><span style=\"font-family:Arial,Helvetica,sans-serif\"><strong>4. ISO 50001 &ndash; Energy Management System</strong></span></span></p>\r\n\r\n	<p><span style=\"font-size:14px\"><span style=\"font-family:Arial,Helvetica,sans-serif\"><strong>Helps infrastructure developers and energy-intensive projects manage energy consumption more efficiently.</strong></span></span></p>\r\n\r\n	<p><span style=\"font-size:14px\"><span style=\"font-family:Arial,Helvetica,sans-serif\"><strong>Benefits:</strong></span></span></p>\r\n	</li>\r\n	<li>\r\n	<p><span style=\"font-size:14px\"><span style=\"font-family:Arial,Helvetica,sans-serif\"><strong>Reduces operational energy costs</strong></span></span></p>\r\n	</li>\r\n	<li>\r\n	<p><span style=\"font-size:14px\"><span style=\"font-family:Arial,Helvetica,sans-serif\"><strong>Increases efficiency in energy use and design</strong></span></span></p>\r\n	</li>\r\n	<li>\r\n	<p><span style=\"font-size:14px\"><span style=\"font-family:Arial,Helvetica,sans-serif\"><strong>Supports green building certifications and climate goals</strong></span></span></p>\r\n	</li>\r\n	<li>\r\n	<p><span style=\"font-size:18px\"><span style=\"font-family:Arial,Helvetica,sans-serif\"><strong>5. ISO 31000 &ndash; Risk Management (Guidelines)</strong></span></span></p>\r\n\r\n	<p><span style=\"font-size:14px\"><span style=\"font-family:Arial,Helvetica,sans-serif\"><strong>Provides a framework to identify and mitigate risks throughout the project lifecycle, including financial, operational, and stakeholder risks.</strong></span></span></p>\r\n	</li>\r\n</ul>\r\n', '', '', '1492355198.jpg', NULL, NULL, NULL, '2025-07-12 11:44:46'),
(230, '82', 'Communications', '', '', '', '', '', '', '', '<h2><span style=\"font-size:20px\"><span style=\"font-family:Arial,Helvetica,sans-serif\"><strong>ISO Certification for the Communications Industry</strong></span></span></h2>\r\n\r\n<p><span style=\"font-size:14px\"><span style=\"font-family:Arial,Helvetica,sans-serif\"><strong>In today&rsquo;s digital economy, the communications industry plays a critical role in connecting people, businesses, and technologies. With rapid advancements in telecommunications, broadcasting, digital platforms, and data services, companies in this sector must uphold the highest standards in quality, security, service delivery, and compliance.</strong></span></span></p>\r\n\r\n<p><span style=\"font-size:14px\"><span style=\"font-family:Arial,Helvetica,sans-serif\"><strong>At [Your Company Name], we offer tailored ISO certification services for the communications industry&mdash;helping telecom providers, satellite operators, media companies, and digital platforms enhance performance, secure data, and comply with global standards.</strong></span></span></p>\r\n\r\n<h3><span style=\"font-size:18px\"><span style=\"font-family:Arial,Helvetica,sans-serif\"><strong>Who Can Benefit from ISO Certification?</strong></span></span></h3>\r\n\r\n<ul>\r\n	<li>\r\n	<p><span style=\"font-size:14px\"><span style=\"font-family:Arial,Helvetica,sans-serif\"><strong>Telecommunication companies (mobile, broadband, VoIP)</strong></span></span></p>\r\n	</li>\r\n	<li>\r\n	<p><span style=\"font-size:14px\"><span style=\"font-family:Arial,Helvetica,sans-serif\"><strong>Satellite and cable TV service providers</strong></span></span></p>\r\n	</li>\r\n	<li>\r\n	<p><span style=\"font-size:14px\"><span style=\"font-family:Arial,Helvetica,sans-serif\"><strong>Internet service providers (ISPs)</strong></span></span></p>\r\n	</li>\r\n	<li>\r\n	<p><span style=\"font-size:14px\"><span style=\"font-family:Arial,Helvetica,sans-serif\"><strong>Data center operators and cloud communication platforms</strong></span></span></p>\r\n	</li>\r\n	<li>\r\n	<p><span style=\"font-size:14px\"><span style=\"font-family:Arial,Helvetica,sans-serif\"><strong>Broadcasting and media networks</strong></span></span></p>\r\n	</li>\r\n	<li>\r\n	<p><span style=\"font-size:14px\"><span style=\"font-family:Arial,Helvetica,sans-serif\"><strong>Mobile app and OTT service providers</strong></span></span></p>\r\n	</li>\r\n	<li><span style=\"font-family:Arial,Helvetica,sans-serif\"><strong><span style=\"font-size:14px\">Network equipment manufacturers and integrators</span></strong></span><br />\r\n	&nbsp;</li>\r\n</ul>\r\n\r\n<h3><span style=\"font-size:22px\"><span style=\"font-family:Arial,Helvetica,sans-serif\"><strong>Why ISO Certification is Crucial in the Communications Industry</strong></span></span></h3>\r\n\r\n<ul>\r\n	<li>\r\n	<p><span style=\"font-size:14px\"><span style=\"font-family:Arial,Helvetica,sans-serif\"><strong>Ensures uninterrupted, secure, and high-quality service</strong></span></span></p>\r\n	</li>\r\n	<li>\r\n	<p><span style=\"font-size:14px\"><span style=\"font-family:Arial,Helvetica,sans-serif\"><strong>Protects sensitive customer and subscriber data</strong></span></span></p>\r\n	</li>\r\n	<li>\r\n	<p><span style=\"font-size:14px\"><span style=\"font-family:Arial,Helvetica,sans-serif\"><strong>Complies with national telecom and data protection regulations</strong></span></span></p>\r\n	</li>\r\n	<li>\r\n	<p><span style=\"font-size:14px\"><span style=\"font-family:Arial,Helvetica,sans-serif\"><strong>Enhances competitive advantage and brand trust</strong></span></span></p>\r\n	</li>\r\n	<li>\r\n	<p><span style=\"font-family:Arial,Helvetica,sans-serif\"><strong><span style=\"font-size:14px\">Supports sustainability and digital responsibility</span></strong></span><br />\r\n	&nbsp;</p>\r\n	</li>\r\n</ul>\r\n\r\n<h3><span style=\"font-size:22px\"><span style=\"font-family:Arial,Helvetica,sans-serif\"><strong>Key ISO Standards for the Communications Sector</strong></span></span></h3>\r\n\r\n<ul>\r\n	<li>\r\n	<p><span style=\"font-size:18px\"><span style=\"font-family:Arial,Helvetica,sans-serif\"><strong>1. ISO/IEC 27001 &ndash; Information Security Management System (ISMS)</strong></span></span></p>\r\n\r\n	<p><span style=\"font-size:14px\"><span style=\"font-family:Arial,Helvetica,sans-serif\"><strong>Essential for protecting sensitive user data, communication networks, and infrastructure from cyber threats.</strong></span></span></p>\r\n\r\n	<p><span style=\"font-size:14px\"><span style=\"font-family:Arial,Helvetica,sans-serif\"><strong>Benefits:</strong></span></span></p>\r\n	</li>\r\n	<li>\r\n	<p><span style=\"font-size:14px\"><span style=\"font-family:Arial,Helvetica,sans-serif\"><strong>Secures data across networks, systems, and platforms</strong></span></span></p>\r\n	</li>\r\n	<li>\r\n	<p><span style=\"font-size:14px\"><span style=\"font-family:Arial,Helvetica,sans-serif\"><strong>Builds customer trust and regulatory compliance</strong></span></span></p>\r\n	</li>\r\n	<li>\r\n	<p><span style=\"font-size:14px\"><span style=\"font-family:Arial,Helvetica,sans-serif\"><strong>Reduces the risk of cyberattacks and data breaches</strong></span></span></p>\r\n	</li>\r\n	<li>\r\n	<p><span style=\"font-size:18px\"><span style=\"font-family:Arial,Helvetica,sans-serif\"><strong>2. ISO 9001 &ndash; Quality Management System</strong></span></span></p>\r\n\r\n	<p><span style=\"font-size:14px\"><span style=\"font-family:Arial,Helvetica,sans-serif\"><strong>Ensures reliable service delivery, consistent customer experience, and operational excellence across telecom and media services.</strong></span></span></p>\r\n\r\n	<p><span style=\"font-size:14px\"><span style=\"font-family:Arial,Helvetica,sans-serif\"><strong>Benefits:</strong></span></span></p>\r\n	</li>\r\n	<li>\r\n	<p><span style=\"font-size:14px\"><span style=\"font-family:Arial,Helvetica,sans-serif\"><strong>Enhances customer satisfaction</strong></span></span></p>\r\n	</li>\r\n	<li>\r\n	<p><span style=\"font-size:14px\"><span style=\"font-family:Arial,Helvetica,sans-serif\"><strong>Streamlines processes and reduces service errors</strong></span></span></p>\r\n	</li>\r\n	<li>\r\n	<p><span style=\"font-size:14px\"><span style=\"font-family:Arial,Helvetica,sans-serif\"><strong>Encourages continual improvement</strong></span></span></p>\r\n	</li>\r\n	<li>\r\n	<p><span style=\"font-size:18px\"><span style=\"font-family:Arial,Helvetica,sans-serif\"><strong>3. ISO 20000-1 &ndash; IT Service Management System (ITSM)</strong></span></span></p>\r\n\r\n	<p><span style=\"font-size:14px\"><span style=\"font-family:Arial,Helvetica,sans-serif\"><strong>Critical for communication service providers managing IT-based infrastructure or cloud services.</strong></span></span></p>\r\n\r\n	<p><span style=\"font-size:14px\"><span style=\"font-family:Arial,Helvetica,sans-serif\"><strong>Benefits:</strong></span></span></p>\r\n	</li>\r\n	<li>\r\n	<p><span style=\"font-size:14px\"><span style=\"font-family:Arial,Helvetica,sans-serif\"><strong>Improves service reliability and response times</strong></span></span></p>\r\n	</li>\r\n	<li>\r\n	<p><span style=\"font-size:14px\"><span style=\"font-family:Arial,Helvetica,sans-serif\"><strong>Aligns IT operations with customer and business needs</strong></span></span></p>\r\n	</li>\r\n	<li>\r\n	<p><span style=\"font-size:14px\"><span style=\"font-family:Arial,Helvetica,sans-serif\"><strong>Reduces service downtime and customer complaints</strong></span></span></p>\r\n	</li>\r\n	<li>\r\n	<p><span style=\"font-size:18px\"><span style=\"font-family:Arial,Helvetica,sans-serif\"><strong>4. ISO 22301 &ndash; Business Continuity Management System</strong></span></span></p>\r\n\r\n	<p><span style=\"font-size:14px\"><span style=\"font-family:Arial,Helvetica,sans-serif\"><strong>Protects operations from service disruptions caused by outages, disasters, or cyber incidents.</strong></span></span></p>\r\n\r\n	<p><span style=\"font-size:14px\"><span style=\"font-family:Arial,Helvetica,sans-serif\"><strong>Benefits:</strong></span></span></p>\r\n	</li>\r\n	<li>\r\n	<p><span style=\"font-size:14px\"><span style=\"font-family:Arial,Helvetica,sans-serif\"><strong>Minimizes communication blackouts and downtime</strong></span></span></p>\r\n	</li>\r\n	<li>\r\n	<p><span style=\"font-size:14px\"><span style=\"font-family:Arial,Helvetica,sans-serif\"><strong>Ensures fast recovery and uninterrupted service</strong></span></span></p>\r\n	</li>\r\n	<li>\r\n	<p><span style=\"font-size:14px\"><span style=\"font-family:Arial,Helvetica,sans-serif\"><strong>Meets business continuity obligations to clients and regulators</strong></span></span></p>\r\n	</li>\r\n	<li>\r\n	<p><span style=\"font-size:18px\"><span style=\"font-family:Arial,Helvetica,sans-serif\"><strong>5. ISO 14001 &ndash; Environmental Management System</strong></span></span></p>\r\n\r\n	<p><span style=\"font-size:14px\"><span style=\"font-family:Arial,Helvetica,sans-serif\"><strong>Applies to telecom infrastructure and broadcasting facilities with environmental impact (e.g., data centers, towers, e-waste).</strong></span></span></p>\r\n	</li>\r\n</ul>\r\n', '', '', '722927313.jpg', NULL, NULL, NULL, '2025-07-12 11:51:12'),
(232, '78', 'Renewal and Re-Certification of the ISO Certificate', '', '', '', '', '', '', '', '<p style=\"text-align:justify\"><span style=\"font-size:10pt\"><span style=\"font-family:&quot;Times New Roman&quot;,&quot;serif&quot;\"><strong><span style=\"font-size:12.0pt\"><span style=\"font-family:&quot;Calibri&quot;,&quot;sans-serif&quot;\">10.0 Recertification: </span></span></strong></span></span></p>\r\n\r\n<p style=\"text-align:justify\"><span style=\"font-size:10pt\"><span style=\"font-family:&quot;Times New Roman&quot;,&quot;serif&quot;\"><span style=\"font-size:12.0pt\"><span style=\"font-family:&quot;Calibri&quot;,&quot;sans-serif&quot;\">Recertification process is initiated at least two month before the specified expiry date of the certificate. Information about any substantial change in management, machinery, process and QMS /EMS/FSMS scope is gathered, and if substantial change is reported, stage-1 audit is planned to assess suitability of the documentation with current process status of the client.</span></span></span></span></p>\r\n\r\n<p style=\"text-align:justify\">&nbsp;</p>\r\n\r\n<p style=\"text-align:justify\"><span style=\"font-size:10pt\"><span style=\"font-family:&quot;Times New Roman&quot;,&quot;serif&quot;\"><span style=\"font-size:12.0pt\"><span style=\"font-family:&quot;Calibri&quot;,&quot;sans-serif&quot;\">When no substantial change is reported Stage-1 audit is not conducted, and certification audit is planned. Audit duration for recertification audit is fixed as 2/3 of the initial audit duration. When stage-1 audit is conducted the audit duration is kept as during initial certification audit, however some reduction (10%) in the audit duration may be planned due to familiarity of the client.</span></span></span></span></p>\r\n\r\n<p style=\"text-align:justify\">&nbsp;</p>\r\n\r\n<p style=\"text-align:justify\"><span style=\"font-size:10pt\"><span style=\"font-family:&quot;Times New Roman&quot;,&quot;serif&quot;\"><span style=\"font-size:12.0pt\"><span style=\"font-family:&quot;Calibri&quot;,&quot;sans-serif&quot;\">As per our defined procedure recertification audit is also conducted only after informing the client about the audit plan and after receiving client&rsquo;s consent. </span></span></span></span></p>\r\n\r\n<p style=\"text-align:justify\">&nbsp;</p>\r\n\r\n<p style=\"text-align:justify\"><span style=\"font-size:10pt\"><span style=\"font-family:&quot;Times New Roman&quot;,&quot;serif&quot;\"><strong><span style=\"font-size:12.0pt\"><span style=\"font-family:&quot;Calibri&quot;,&quot;sans-serif&quot;\">10.1 objective of the recertification audit</span></span></strong></span></span></p>\r\n\r\n<p style=\"text-align:justify\"><span style=\"font-size:10pt\"><span style=\"font-family:&quot;Times New Roman&quot;,&quot;serif&quot;\"><span style=\"font-size:12.0pt\"><span style=\"font-family:&quot;Calibri&quot;,&quot;sans-serif&quot;\">a) To assess the extent of the effectiveness of the management system in the light of internal and external changes with reference to the scope of the QMS /EMS/FSMS/ certification</span></span></span></span></p>\r\n\r\n<p style=\"text-align:justify\">&nbsp;</p>\r\n\r\n<p style=\"text-align:justify\"><span style=\"font-size:10pt\"><span style=\"font-family:&quot;Times New Roman&quot;,&quot;serif&quot;\"><span style=\"font-size:12.0pt\"><span style=\"font-family:&quot;Calibri&quot;,&quot;sans-serif&quot;\">b) To assess whether the operation of the certified management system contributes to the achievement of the organization&#39;s policy and objectives.</span></span></span></span></p>\r\n\r\n<p style=\"text-align:justify\">&nbsp;</p>\r\n\r\n<p><span style=\"font-size:10pt\"><span style=\"font-family:&quot;Times New Roman&quot;,&quot;serif&quot;\"><span style=\"font-size:12.0pt\"><span style=\"font-family:&quot;Calibri&quot;,&quot;sans-serif&quot;\">c) To verify that the client is following the conditions of certification</span></span></span></span></p>\r\n', '', '', '652494742.', NULL, NULL, NULL, '2024-01-10 12:03:19');

-- --------------------------------------------------------

--
-- Table structure for table `tbl_product_image`
--

CREATE TABLE `tbl_product_image` (
  `gal_id` int(11) NOT NULL,
  `pro_id` int(11) NOT NULL,
  `gal_image` varchar(255) NOT NULL,
  `gal_date` timestamp NOT NULL DEFAULT current_timestamp() ON UPDATE current_timestamp()
) ENGINE=InnoDB DEFAULT CHARSET=latin1 COLLATE=latin1_swedish_ci;

--
-- Dumping data for table `tbl_product_image`
--

INSERT INTO `tbl_product_image` (`gal_id`, `pro_id`, `gal_image`, `gal_date`) VALUES
(42, 88, '1613463299_Super Power Catalog.pdf', '2021-02-15 19:44:59'),
(43, 182, '1695369622_ISO-14001-Certification-Training.jpg', '2023-09-22 08:00:22');

-- --------------------------------------------------------

--
-- Table structure for table `tbl_pro_gallery`
--

CREATE TABLE `tbl_pro_gallery` (
  `gal_id` int(11) NOT NULL,
  `pro_id` varchar(50) NOT NULL,
  `type` varchar(100) NOT NULL,
  `gal_name` varchar(255) NOT NULL,
  `gal_category` varchar(255) NOT NULL,
  `gal_image` varchar(400) NOT NULL,
  `gal_date` timestamp NOT NULL DEFAULT current_timestamp() ON UPDATE current_timestamp()
) ENGINE=InnoDB DEFAULT CHARSET=latin1 COLLATE=latin1_swedish_ci;

--
-- Dumping data for table `tbl_pro_gallery`
--

INSERT INTO `tbl_pro_gallery` (`gal_id`, `pro_id`, `type`, `gal_name`, `gal_category`, `gal_image`, `gal_date`) VALUES
(84, '1', 'Inspiration_gallery', '', '', '1661856585_12.jpg', '2022-08-30 10:49:45'),
(85, '1', 'Inspiration_gallery', '', '', '1661856593_13.jpg', '2022-08-30 10:49:53'),
(86, '1', 'Inspiration_itinerary', 'Day 1', 'Delhi', 'Landmark monuments that tie up three eras of Indian history and give you a hue of religious diversity in the nation fill the day. The 17th century imposing fortress, Red Fort, followed by Jama Masjid, the mosque that can house 20,000 kneeling devotees in prayer and Raj Ghat, Gandhi’s memorial.  \r\n                ', '2022-08-30 10:51:56'),
(88, '1', 'Inspiration_itinerary', 'Day 2/3', 'Jaipur', 'Maharaja Jai Singh II built Jaipur in the 18th century. It is a planned city built with ancient Hindu rules as the colonial capital of a richly colorful state. The whole city was painted pink to welcome the visit of Prince Albert in 1853. Day 3rd the finest example of Rajput architecture', '2022-08-30 10:52:19'),
(91, '1', 'Inspiration_gallery', '', '', '1661856600_14.jpg', '2022-08-30 10:50:00'),
(92, '1', 'Inspiration_gallery', '', '', '1661856609_15.jpg', '2022-08-30 10:50:09'),
(93, '1', 'Inspiration_gallery', '', '', '1661856617_16.jpg', '2022-08-30 10:50:17'),
(94, '1', 'Inspiration_gallery', '', '', '1661856654_17.jpg', '2022-08-30 10:50:54'),
(95, '1', 'Inspiration_itinerary', 'Day 4', 'Jodhpur', 'Jodhpur is the second largest city of the state of Rajasthan. The Rajput chief Rao Jodha founded the city of Jodhpur in 1459. Earlier, it was the capital of the Marwar state of Rajasthan.', '2022-08-30 11:34:05'),
(96, '1', 'Inspiration_itinerary', 'Day 5', 'Jodhpur & Kumbhalgarh', 'A citadel perched 400 feet above the ground on a craggy hilltop, Mehrangarh Fort is the city’s most engaging structure. After seeing this and Jaswant Thada, it is time for Kumbhalgarh, a medieval fort, which stands as a vary sentinel to the past glory.', '2022-08-30 11:34:38'),
(97, '1', 'Inspiration_itinerary', 'Day 6/7', 'Chittorgarh & Bijaipur', 'The eighth century Chittorgarh Fort is the oldest fort in Rajasthan. Located on a cliff, the fort tells the resistance and heroism of Rajput people against the invaders, the Mughals. Legends of love and revenge possess the fort. The ruins of these magnificent buildings still leave trace the history of Mewar until today.', '2022-08-30 11:34:56'),
(98, '1', 'Inspiration_itinerary', 'Day 8', 'Chittorgarh & Bijaipur', 'The eighth century Chittorgarh Fort is the oldest fort in Rajasthan. Located on a cliff, the fort tells the resistance and heroism of Rajput people against the invaders, the Mughals. Legends of love and revenge possess the fort. The ruins of these magnificent buildings still leave trace the history of Mewar until today.', '2022-08-30 11:35:15');

-- --------------------------------------------------------

--
-- Table structure for table `tbl_services`
--

CREATE TABLE `tbl_services` (
  `pro_id` int(11) NOT NULL,
  `pro_category` varchar(250) DEFAULT NULL,
  `pro_sub_category` varchar(250) DEFAULT NULL,
  `pro_name` varchar(250) DEFAULT NULL,
  `pro_type` varchar(250) DEFAULT NULL,
  `pro_offer` varchar(250) DEFAULT NULL,
  `pro_price` varchar(250) DEFAULT NULL,
  `pro_desc` longtext DEFAULT NULL,
  `pro_brf` longtext DEFAULT NULL,
  `pro_more` longtext DEFAULT NULL,
  `pro_image` varchar(250) DEFAULT NULL,
  `status` varchar(250) DEFAULT NULL,
  `status_gal` varchar(250) DEFAULT NULL,
  `pro_date` varchar(250) DEFAULT NULL
) ENGINE=InnoDB DEFAULT CHARSET=latin1 COLLATE=latin1_swedish_ci;

--
-- Dumping data for table `tbl_services`
--

INSERT INTO `tbl_services` (`pro_id`, `pro_category`, `pro_sub_category`, `pro_name`, `pro_type`, `pro_offer`, `pro_price`, `pro_desc`, `pro_brf`, `pro_more`, `pro_image`, `status`, `status_gal`, `pro_date`) VALUES
(3, '1', '1', 'Statuario Regal', '1', '', 'Glazed Vitrified Tiles, 800X1600 mm', '', '', '', '228.jpg', NULL, NULL, NULL),
(4, '1', '1', 'Bianco Meteora (bm) - A', '', '', 'Glazed Vitrified Tiles, 800X1600 mm', '', '', '', '2754.jpg', NULL, NULL, NULL),
(5, '1', '1', 'Bianco Meteora (bm) - B', '', '', 'Glazed Vitrified Tiles, 800X1600 mm', '', '', '', '27977.jpg', NULL, NULL, NULL),
(6, '1', '1', 'Opulent Statuario', '', '', 'Glazed Vitrified Tiles, 800X1600 mm', '', '', '', '24787.jpg', NULL, NULL, NULL),
(7, '1', '1', 'Opulent Statuario', '', '', 'Glazed Vitrified Tiles, 800X1600 mm', '', '', '', '32684.jpg', NULL, NULL, NULL);

-- --------------------------------------------------------

--
-- Table structure for table `tbl_services_desc`
--

CREATE TABLE `tbl_services_desc` (
  `id` int(11) NOT NULL,
  `services_desc` text NOT NULL,
  `services_title` varchar(250) NOT NULL
) ENGINE=InnoDB DEFAULT CHARSET=latin1 COLLATE=latin1_swedish_ci;

--
-- Dumping data for table `tbl_services_desc`
--

INSERT INTO `tbl_services_desc` (`id`, `services_desc`, `services_title`) VALUES
(1, '<p>Established in 1990, Shaka Electrical India, has emerged today as a leading company in the field of facility management services like Electrifying highways, Fly-overs, walkways&nbsp;</p>\r\n\r\n<p>Established in 1990, Shaka Electrical India, has emerged today as a leading company in the field of facility management services like Electrifying highways, Fly-overs, walkways&nbsp;</p>\r\n\r\n<p>Established in 1990, Shaka Electrical India, has emerged today as a leading company in the field of facility management services like Electrifying highways, Fly-overs, walkways&nbsp;</p>\r\n\r\n<p>Established in 1990, Shaka Electrical India, has emerged today as a leading company in the field of facility management services like Electrifying highways, Fly-overs, walkways&nbsp;</p>\r\n', '');

-- --------------------------------------------------------

--
-- Table structure for table `tbl_service_desc`
--

CREATE TABLE `tbl_service_desc` (
  `ser` int(11) NOT NULL,
  `ser_category` varchar(255) NOT NULL,
  `ser_desc` text NOT NULL
) ENGINE=InnoDB DEFAULT CHARSET=latin1 COLLATE=latin1_swedish_ci;

--
-- Dumping data for table `tbl_service_desc`
--

INSERT INTO `tbl_service_desc` (`ser`, `ser_category`, `ser_desc`) VALUES
(5, 'Cut to Length', '<p>Precision cutting to any length desired is our specialty. Straight off our tube mills we run a Haven 873 cutoff machine, which gives us the flexibility and precision to bring you top quality tubing exactly to specification.</p>\r\n'),
(6, 'Special Packaging', '<p>Sometimes special circumstances require special packaging. RTF can package your steel tubing order to meet your specifications.</p>\r\n'),
(7, 'Regional Delivery', '<p>Ask your Steel Tube Inc. Sales representative about our in- house delivery service. We run our own fleet of trucks for deliveries throughout India.</p>\r\n');

-- --------------------------------------------------------

--
-- Table structure for table `tbl_servi_catg`
--

CREATE TABLE `tbl_servi_catg` (
  `cat_id` int(11) NOT NULL,
  `cate_name` varchar(250) DEFAULT NULL,
  `category_image` varchar(250) DEFAULT NULL,
  `cate_desc` longtext DEFAULT NULL,
  `stastus` varchar(250) DEFAULT NULL,
  `home_status` varchar(250) DEFAULT NULL,
  `dat` timestamp NULL DEFAULT NULL
) ENGINE=InnoDB DEFAULT CHARSET=latin1 COLLATE=latin1_swedish_ci;

--
-- Dumping data for table `tbl_servi_catg`
--

INSERT INTO `tbl_servi_catg` (`cat_id`, `cate_name`, `category_image`, `cate_desc`, `stastus`, `home_status`, `dat`) VALUES
(1, 'Bathroom', NULL, NULL, NULL, NULL, NULL),
(3, 'Kitchen', NULL, NULL, NULL, NULL, NULL),
(4, 'Living Room', NULL, NULL, NULL, NULL, NULL),
(5, 'Bedroom', NULL, NULL, NULL, NULL, NULL),
(6, 'Outdoor ', NULL, NULL, NULL, NULL, NULL),
(7, 'Commercial', NULL, NULL, NULL, NULL, NULL);

-- --------------------------------------------------------

--
-- Table structure for table `tbl_social_media`
--

CREATE TABLE `tbl_social_media` (
  `social_id` int(11) NOT NULL,
  `fb_add` varchar(220) NOT NULL,
  `twitter_add` varchar(220) NOT NULL,
  `google_add` varchar(220) NOT NULL,
  `linkdn_add` varchar(220) NOT NULL,
  `sovial_active` enum('Yes','No') NOT NULL,
  `youtube` text NOT NULL
) ENGINE=InnoDB DEFAULT CHARSET=latin1 COLLATE=latin1_swedish_ci;

--
-- Dumping data for table `tbl_social_media`
--

INSERT INTO `tbl_social_media` (`social_id`, `fb_add`, `twitter_add`, `google_add`, `linkdn_add`, `sovial_active`, `youtube`) VALUES
(1, '#fb', '#tw', '', '#ld', '', '#yt');

-- --------------------------------------------------------

--
-- Table structure for table `tbl_spaces_category`
--

CREATE TABLE `tbl_spaces_category` (
  `cat_id` int(11) NOT NULL,
  `cate_name` varchar(250) DEFAULT NULL,
  `category_image` varchar(250) DEFAULT NULL,
  `cate_desc` varchar(250) DEFAULT NULL,
  `stastus` varchar(250) DEFAULT NULL,
  `home_status` varchar(250) DEFAULT NULL,
  `dat` varchar(250) DEFAULT NULL
) ENGINE=InnoDB DEFAULT CHARSET=latin1 COLLATE=latin1_swedish_ci;

--
-- Dumping data for table `tbl_spaces_category`
--

INSERT INTO `tbl_spaces_category` (`cat_id`, `cate_name`, `category_image`, `cate_desc`, `stastus`, `home_status`, `dat`) VALUES
(4, 'Bathroom ', '695.', '', NULL, NULL, NULL),
(5, 'Kitchen', '6692.', '', NULL, NULL, NULL),
(6, 'Living Room', '14656.', '', NULL, NULL, NULL),
(7, 'Bedroom', '18829.', '', NULL, NULL, NULL),
(8, 'Outdoor', '4217.', '', NULL, NULL, NULL),
(9, 'Commercial', '30530.', '', NULL, NULL, NULL);

-- --------------------------------------------------------

--
-- Table structure for table `tbl_spaces_product`
--

CREATE TABLE `tbl_spaces_product` (
  `pro_id` int(11) NOT NULL,
  `pro_category` varchar(250) DEFAULT NULL,
  `pro_name` varchar(250) DEFAULT NULL,
  `pro_type` varchar(250) DEFAULT NULL,
  `pro_offer` varchar(250) DEFAULT NULL,
  `pro_price` varchar(250) DEFAULT NULL,
  `pro_Pack` varchar(250) DEFAULT NULL,
  `pro_varient` varchar(250) DEFAULT NULL,
  `pro_type1` varchar(250) DEFAULT NULL,
  `pro_color` varchar(250) DEFAULT NULL,
  `pro_desc` longtext DEFAULT NULL,
  `pro_brf` longtext DEFAULT NULL,
  `pro_more` longtext DEFAULT NULL,
  `pro_image` varchar(250) DEFAULT NULL,
  `pro_image2` varchar(250) DEFAULT NULL,
  `status` varchar(250) DEFAULT NULL,
  `status_gal` varchar(250) DEFAULT NULL,
  `pro_date` varchar(250) DEFAULT NULL
) ENGINE=InnoDB DEFAULT CHARSET=latin1 COLLATE=latin1_swedish_ci;

--
-- Dumping data for table `tbl_spaces_product`
--

INSERT INTO `tbl_spaces_product` (`pro_id`, `pro_category`, `pro_name`, `pro_type`, `pro_offer`, `pro_price`, `pro_Pack`, `pro_varient`, `pro_type1`, `pro_color`, `pro_desc`, `pro_brf`, `pro_more`, `pro_image`, `pro_image2`, `status`, `status_gal`, `pro_date`) VALUES
(1, '4', 'Testing', '1', '', '', '', 'testingddd', '', '', '', '', '', '24803.jpg', NULL, NULL, NULL, NULL),
(4, '4', 'Testing 2', '1', '', '', '', '', '', '', '', '', '', '14852.jpg', NULL, NULL, NULL, NULL);

-- --------------------------------------------------------

--
-- Table structure for table `tbl_sub_inp_category`
--

CREATE TABLE `tbl_sub_inp_category` (
  `id` int(11) NOT NULL,
  `cat_id` int(11) DEFAULT NULL,
  `name` varchar(300) DEFAULT NULL,
  `description` text NOT NULL,
  `short_decription` text NOT NULL,
  `status` tinyint(4) DEFAULT 1,
  `image` varchar(200) NOT NULL,
  `date` timestamp NOT NULL DEFAULT current_timestamp()
) ENGINE=InnoDB DEFAULT CHARSET=latin1 COLLATE=latin1_swedish_ci;

--
-- Dumping data for table `tbl_sub_inp_category`
--

INSERT INTO `tbl_sub_inp_category` (`id`, `cat_id`, `name`, `description`, `short_decription`, `status`, `image`, `date`) VALUES
(19, 3, 'Forts & Palaces', '<h2>Forts &amp; Palaces</h2>\r\n\r\n<p>Impregnable forts and exquisite palaces with accents of rich architecture cannot escape the mind of a traveller, when speaking of India. With history rooted in lores of conquests and dynasties, a tryst with these historic structures can be seldom avoided. These old bastions of strength had several reasons for their presence; projecting influence and might, showcasing set vibrant architectural skills and protecting the citizens. The length and breadth of the country is dotted with these remnants of splendor.</p>\r\n\r\n<p>Not only does Rajasthan shine as owning an exhaustive repertoire of these architectural marvels, but other parts of the country like Madhya Pradesh, Maharashtra and Karnataka draw thousands in a year for a glimpse into their past with magnificent forts and palaces. Whether crumbling or meticulously restored, both stand testimony of a flourishing culture, raging battles and an acute sense of design and cultural revelations.</p>\r\n\r\n<p>A mirror to thousands of years of history, India but Bhutan, Tibet and Nepal are also veritable destinations that one can trail through to see forts and palaces. Perched on mountaintops, some of these palaces can be surreally tranquil, giving one a moment of being suspended in awe of these great architectural patrons. Not only do the forts and palaces have unmatchable symmetry and ethereal luminescence, but also every inch of the structures is covered in exquisite detail.</p>\r\n', '                            An ethereal world unfolds as you step into the sun-scorched palaces and ancient forts perched on impregnable hilltops of India, still rife with tales of valour, sacrifice and opulence.  \r\n              \r\n            ', 1, '10721.jpg', '2022-08-29 19:16:47'),
(21, 3, 'Festival', '', '                \r\n            Fittingly, one of the most striking backdrops to any destination is when there is a festival on the anvil. A heady mix of colours, mirth and celebration surround you.', 1, '28852.jpg', '2022-08-30 12:11:38'),
(22, 3, 'River Cruises', '', '                \r\n            Meander through the several lifelines of the Indian topography, bobbing in luxurious yachts and boats. The capillary-like network of rivers of India gives travellers the opportunity to view a unique.', 1, '13458.jpg', '2022-08-30 12:12:00'),
(23, 3, 'Religion', '', '       Honoring Gods, Gurus and historical figures resonates in every beat of many Indians. No wonder, religious destinations spanning all communities are an insight into the social diversity of the country.         \r\n            ', 1, '32001.jpg', '2022-08-30 12:12:19'),
(24, 3, 'Special Interest', '', '                \r\n            The ability to customize tours that suit just what the traveller needs makes us offer a platter of special journeys. Think golf, wellness, private jet tours and anything that your heart desires.', 1, '14246.jpg', '2022-08-30 12:12:31');

-- --------------------------------------------------------

--
-- Table structure for table `tbl_sub_prodct_category`
--

CREATE TABLE `tbl_sub_prodct_category` (
  `sub_id` int(11) NOT NULL,
  `cat_id` varchar(250) DEFAULT NULL,
  `sub_name` varchar(250) DEFAULT NULL,
  `sub_desc` varchar(250) DEFAULT NULL,
  `image` varchar(250) DEFAULT NULL,
  `sub_dat` varchar(250) DEFAULT NULL
) ENGINE=InnoDB DEFAULT CHARSET=latin1 COLLATE=latin1_swedish_ci;

--
-- Dumping data for table `tbl_sub_prodct_category`
--

INSERT INTO `tbl_sub_prodct_category` (`sub_id`, `cat_id`, `sub_name`, `sub_desc`, `image`, `sub_dat`) VALUES
(1, '1', 'Beige Marble', 'hello', '29569.jpg', NULL),
(2, '1', 'White Marble', '', '4199.jpg', NULL),
(3, '1', 'Onyx Marble', '', '3604.jpg', NULL),
(7, '3', 'Wine Red', '', '15487.jpg', NULL),
(8, '3', 'Shivakashi Gold Granite', '', '9292.jpg', NULL),
(9, '3', 'Himalayan Blue Granite Block', '', '19605.jpg', NULL),
(10, '3', 'Ivory Chiffon Granite', '', '12714.jpg', NULL),
(11, '3', 'Cats Eye Granite', '', '8603.jpg', NULL),
(12, '1', 'Grey Marble', '', '1527655044.jpg', NULL),
(13, '1', 'Black Marble', '', '406861280.jpg', NULL),
(14, '1', 'Brown Marble', '', '945612226.jpg', NULL),
(15, '3', 'Absolute Black', '', '143329744.jpg', NULL),
(16, '3', 'Amba', '', '1591492716.jpg', NULL),
(17, '3', 'Atlantic', '', '1995372622.jpg', NULL),
(18, '3', 'Bala', '', '21268261.jpg', NULL),
(19, '3', 'Baltic', '', '125945720.jpg', NULL),
(20, '3', 'Beige', '', '672994787.jpg', NULL),
(21, '3', 'Black', '', '272055176.jpg', NULL),
(22, '3', 'Blue', '', '174441028.jpg', NULL),
(23, '3', 'Chima', '', '986872300.jpg', NULL),
(24, '3', 'Coffee', '', '1849478947.jpg', NULL),
(25, '3', 'Colombo', '', '571085100.jpg', NULL),
(26, '3', 'Colonial', '', '292162393.jpg', NULL),
(27, '3', 'Copper', '', '2123076137.jpg', NULL),
(28, '3', 'Crystal', '', '847733408.jpg', NULL),
(29, '3', 'Desert', '', '136631593.jpg', NULL),
(30, '3', 'Emerald', '', '1620404874.jpg', NULL),
(31, '3', 'English', '', '1574778777.jpg', NULL),
(32, '3', 'Exotic', '', '6391874.jpg', NULL),
(33, '3', 'Fox', '', '1706125574.jpg', NULL),
(34, '3', 'Gem', '', '1162311950.jpg', NULL),
(35, '3', 'Ghiblee', '', '1193140148.jpg', NULL),
(36, '3', 'Green', '', '962004658.jpg', NULL),
(37, '3', 'Ikon', '', '1521589015.jpg', NULL),
(38, '3', 'Impala', '', '1098996804.jpg', NULL),
(39, '3', 'Imperial', '', '702491389.jpg', NULL),
(40, '3', 'Jasmine', '', '661656761.jpg', NULL),
(41, '3', 'Kashmir', '', '1465100645.jpg', NULL),
(42, '3', 'Lakha', '', '1594675438.jpg', NULL),
(43, '3', 'Lavander', '', '2101514587.jpg', NULL),
(44, '3', 'May Flower', '', '854318152.jpg', NULL),
(45, '3', 'Meera', '', '326968995.jpg', NULL),
(46, '3', 'Merry', '', '2005320088.jpg', NULL),
(47, '3', 'Pallava', '', '1743101712.jpg', NULL),
(48, '3', 'Paradiso', '', '2046427173.jpg', NULL),
(49, '3', 'Pegasus', '', '99824563.jpg', NULL),
(50, '3', 'Platinum', '', '372679647.jpg', NULL),
(51, '3', 'Raj Shree', '', '425948988.jpg', NULL),
(52, '3', 'Raw Silk', '', '241180202.jpg', NULL),
(53, '3', 'River', '', '85666216.jpg', NULL),
(54, '3', 'Rosy', '', '288070789.jpg', NULL),
(55, '3', 'Sadaralli', '', '1875967856.jpg', NULL),
(56, '3', 'Sapphire', '', '2030634191.jpg', NULL),
(57, '3', 'Satin', '', '1137630571.jpg', NULL),
(58, '3', 'Sera', '', '132808210.jpg', NULL),
(59, '3', 'Silver', '', '634232060.jpg', NULL),
(60, '3', 'Surf', '', '1485847622.jpg', NULL),
(61, '3', 'Tan', '', '1003784898.jpg', NULL),
(62, '3', 'Tropic', '', '737593915.jpg', NULL),
(63, '3', 'Vyara', '', '2000511967.jpg', NULL);

-- --------------------------------------------------------

--
-- Table structure for table `tbl_sub_servi_category`
--

CREATE TABLE `tbl_sub_servi_category` (
  `sub_id` int(11) NOT NULL,
  `cat_id` varchar(250) DEFAULT NULL,
  `sub_name` varchar(250) DEFAULT NULL,
  `sub_desc` longtext DEFAULT NULL,
  `image` varchar(250) DEFAULT NULL,
  `sub_dat` timestamp NULL DEFAULT NULL
) ENGINE=InnoDB DEFAULT CHARSET=latin1 COLLATE=latin1_swedish_ci;

--
-- Dumping data for table `tbl_sub_servi_category`
--

INSERT INTO `tbl_sub_servi_category` (`sub_id`, `cat_id`, `sub_name`, `sub_desc`, `image`, `sub_dat`) VALUES
(1, '1', 'White', '', '12699.jpg', NULL),
(3, '1', 'Cream', '', '11537.jpg', NULL),
(4, '1', 'Ivory', '', '3702.jpg', NULL),
(5, '1', 'Beige', '', '19575.jpg', NULL);

-- --------------------------------------------------------

--
-- Table structure for table `tbl_sub_space_product`
--

CREATE TABLE `tbl_sub_space_product` (
  `id` int(11) NOT NULL,
  `category` varchar(250) DEFAULT NULL,
  `pro_name` varchar(250) DEFAULT NULL,
  `pro_type` varchar(250) DEFAULT NULL,
  `pro_offer` varchar(250) DEFAULT NULL,
  `pro_price` varchar(250) DEFAULT NULL,
  `pro_Pack` varchar(250) DEFAULT NULL,
  `pro_varient` varchar(250) DEFAULT NULL,
  `pro_type1` varchar(250) DEFAULT NULL,
  `pro_color` varchar(250) DEFAULT NULL,
  `pro_desc` longtext DEFAULT NULL,
  `pro_brf` longtext DEFAULT NULL,
  `pro_more` longtext DEFAULT NULL,
  `pro_image` varchar(250) DEFAULT NULL,
  `pro_image2` varchar(250) DEFAULT NULL,
  `status` varchar(250) DEFAULT NULL,
  `status_gal` varchar(250) DEFAULT NULL,
  `pro_date` varchar(250) DEFAULT NULL
) ENGINE=InnoDB DEFAULT CHARSET=latin1 COLLATE=latin1_swedish_ci;

--
-- Dumping data for table `tbl_sub_space_product`
--

INSERT INTO `tbl_sub_space_product` (`id`, `category`, `pro_name`, `pro_type`, `pro_offer`, `pro_price`, `pro_Pack`, `pro_varient`, `pro_type1`, `pro_color`, `pro_desc`, `pro_brf`, `pro_more`, `pro_image`, `pro_image2`, `status`, `status_gal`, `pro_date`) VALUES
(1, '1', 'Dummyddd', '1', '', '', '', '', '', '', '', '', '', '18625.jpg', NULL, NULL, NULL, NULL),
(2, '4', 'Product Name', '1', '', '', '', '', '', '', '', '', '', '11838.jpg', NULL, NULL, NULL, NULL);

-- --------------------------------------------------------

--
-- Table structure for table `tbl_terms_and_conditions`
--

CREATE TABLE `tbl_terms_and_conditions` (
  `id` int(11) NOT NULL,
  `introduction` text NOT NULL,
  `title1` varchar(300) NOT NULL,
  `title2` varchar(300) NOT NULL,
  `title3` varchar(300) NOT NULL,
  `title4` varchar(300) NOT NULL,
  `title5` text NOT NULL,
  `title6` varchar(300) NOT NULL,
  `title7` varchar(300) NOT NULL,
  `title8` varchar(300) NOT NULL,
  `title9` varchar(300) NOT NULL,
  `title10` varchar(300) NOT NULL,
  `title11` varchar(300) NOT NULL,
  `title12` varchar(300) NOT NULL,
  `desc1` text NOT NULL,
  `desc2` text NOT NULL,
  `desc3` text NOT NULL,
  `desc4` text NOT NULL,
  `desc5` text NOT NULL,
  `desc6` text NOT NULL,
  `image` varchar(300) NOT NULL,
  `home_image` varchar(300) NOT NULL
) ENGINE=InnoDB DEFAULT CHARSET=latin1 COLLATE=latin1_swedish_ci;

--
-- Dumping data for table `tbl_terms_and_conditions`
--

INSERT INTO `tbl_terms_and_conditions` (`id`, `introduction`, `title1`, `title2`, `title3`, `title4`, `title5`, `title6`, `title7`, `title8`, `title9`, `title10`, `title11`, `title12`, `desc1`, `desc2`, `desc3`, `desc4`, `desc5`, `desc6`, `image`, `home_image`) VALUES
(1, '', '', '', '', '', '<h3>In case the selected hotel is unavailable for booking, an alternate arrangement will be offered to the customer in another hotel of a similar category.</h3>\r\n\r\n<p>All the Terms &amp; Conditions (T &amp; C ) given below will form the basis of a contractual relationship between TROPIND RARE HOLIDAYS LLP and its clients. It is therefore most important for the guest to go through these T &amp; C, understand them fully &amp; seek clarifications, if any from us. If need be, copy of these T &amp;C can be downloaded or printed for the benefit of the client.</p>\r\n\r\n<p>All quotes are only in the nature of proposals &amp; not considered confirmed until itineraries &amp; offer approved in writing by the client as also guaranteed by way of advance &amp; adherence to terms &amp; conditions laid down below. If proposed booking cannot be made due to unavoidable reasons, you will be offered alternates to choose &amp; confirm in writing. Once payment has been deposited by the guest, it is implied that he/she has accepted the T &amp; C.</p>\r\n\r\n<p><strong>Advance Payment-</strong></p>\r\n\r\n<p>Within the given time frame, a deposit of 25% of the total invoice will be required (unless agreed otherwise in specific cases after due consideration) to proceed with the reservations and send you a status report.</p>\r\n\r\n<p><strong>Balance payment &ndash;</strong></p>\r\n\r\n<p>The balance payment can be made by remittance in 100 % before commencement of Services.</p>\r\n\r\n<p><strong>Modalities of payment &ndash;</strong></p>\r\n\r\n<p>All payments can be made valid verifiable Visa, Master Card or American Express via our Secure Server or via Online Transfer (NEFT- up to INR 02 Lakhs/ RTGS- more than INR 02 Lakhs) to our bank account (details will be provided upon knowing your choice to pay by Online Transfer).</p>\r\n\r\n<p><strong>Amendment &ndash;</strong></p>\r\n\r\n<p>Kindly try to firm up your plan before forwarding advance. TROPIND RARE HOLIDAYS LLP will try to accommodate your request to the extent possible. However, the changes will be subject to certain amendment / administration charges.</p>\r\n\r\n<p><strong>Cancellation and Refund&nbsp;&ndash;</strong></p>\r\n\r\n<p>Cancellation must be notified in writing to Company. The Services cut offs given to us will apply &amp; any cut offs/ retention charges offered by the hotel while giving us special rates for the Clients / Guests will also apply.</p>\r\n\r\n<p><strong>In addition, the following charges will apply:-</strong></p>\r\n\r\n<ul>\r\n	<li>Cancellation more than 60 days prior to start date of tour &ndash; 10% of total tour cost OR USD 150 per person whichever is greater</li>\r\n	<li>Cancellation less than 60 days but more than 30 days prior to start date of tour &ndash; 25% of tour cost OR USD 300 per person whichever is greater</li>\r\n	<li>Cancellation less than 30 days but more than 15 days prior to start date of tour &ndash; 50% of tour cost OR USD 600 per person whichever is greater</li>\r\n	<li>Cancellation less than 15 days prior to start date of tour &ndash; 100% of tour cost.</li>\r\n</ul>\r\n\r\n<p><strong>Travel arrangements&nbsp;In</strong></p>\r\n\r\n<p>Travel arrangements&nbsp;In India, the standard check-in time is 1400 hours / check-out time is 1200 hours (noon). Early check in &amp; late check outs beyond certain time limits are chargeable. Please be specific while forwarding flight details if you need the same &amp; willing to pay for the extra half or full night as the case may be.</p>\r\n\r\n<p><strong>Passports and Visas-</strong></p>\r\n\r\n<p>Guests to please ensure that his passport is valid for at least 06 months, has a few blank pages left and he/she has obtained a valid visa for the purpose of the journey.</p>\r\n\r\n<p><strong>International and Domestic air bookings-</strong></p>\r\n\r\n<p>Reconfirm your flight bookings &amp; keep us updated on the connecting flights &amp; schedule/ any changes in them. It will ensure your planning is accordingly adjusted.</p>\r\n\r\n<p><strong>Travel and Insurance</strong></p>\r\n\r\n<p>The traveller must adequately insure himself by a reputed insurance company for the full duration of the tour in respect of financial loss (es) of personal belongings/ baggage, any sudden illness, injury, death, flight cancellations and delayed or early departures.</p>\r\n\r\n<p><strong>Amendments to confirmed arrangements-</strong></p>\r\n\r\n<p>TROPIND RARE HOLIDAYS LLP offers confirmed arrangements to the Clients / guests. However, due to facts beyond control of Company. will try to adhere to all arrangements as confirmed, reasonable changes in the itinerary / Services may have to be made without notice if deemed necessary for best interest of the guests.</p>\r\n\r\n<p><strong>Complaints and Claims</strong></p>\r\n\r\n<p>Should you feel dissatisfied with any service TROPIND RARE HOLIDAYS LLP has provided, please notify us immediately or else to our representative to avoid the problems happening again during your trip. In the event of a complaint or claim for compensation, you must inform us by email or regular mail in writing within 10 days from the end of your tour. Relevant receipts and substantiating evidence must be attached to the letter of claim. We will not be liable for any claims made later than 10 days after the completion of your tour/Services</p>\r\n\r\n<p><strong>Communications</strong></p>\r\n\r\n<p>You can contact TROPIND RARE HOLIDAYS LLP by email or phone/ If for any reason, you fail to receive any reply from us in regard of your tour status within 24 hours from the time of submitting the request please contact TROPIND RARE HOLIDAYS LLP customer service at 24 hour phone no +91 9873098900 to get an urgent response.</p>\r\n\r\n<p><strong>Responsibilities</strong></p>\r\n\r\n<p>TROPIND RARE HOLIDAYS LLP shall not be liable for any loss, injury, or damage to person, property due to force majeure, which may arise due to climatic conditions, sea, fire, breakdown of machinery or equipment, acts of government or other authorities, wars whether or not declared, civil disturbances, strikes, riots, thefts, epidemics, quarantines, medical or customs regulations, terrorist activities, or any other actions, omissions or conditions beyond Company control. Neither TROPIND RARE HOLIDAYS LLP nor any of its affiliates or subsidiaries shall be or become liable or responsible for any additional expenses of liability sustained or incurred by the tour member as a result of any of the aforementioned causes.</p>\r\n', '', '', '', '', '', '', '', '', '', '', '', '', '', '', '');

-- --------------------------------------------------------

--
-- Table structure for table `tbl_testimonial`
--

CREATE TABLE `tbl_testimonial` (
  `testi_id` int(11) NOT NULL,
  `testi_name` varchar(150) NOT NULL,
  `testi_loction` varchar(200) NOT NULL,
  `testi_desc` text NOT NULL
) ENGINE=InnoDB DEFAULT CHARSET=latin1 COLLATE=latin1_swedish_ci;

--
-- Dumping data for table `tbl_testimonial`
--

INSERT INTO `tbl_testimonial` (`testi_id`, `testi_name`, `testi_loction`, `testi_desc`) VALUES
(2, 'Ms. Jane, USA', '', '<p>Hi Shantanu,We had a great tour yesterday. Everything went smoothly except getting on the train in Delhi, which I want to tell you about for your information. The guide, Ashish, in Agra was terrific. The driver there was excellent, and after we asked explicitly to be accompanied until the train arrived in Agra, one of the office staff from the drivers company stayed with us on the platform even though the train was almost a hour late. Very helpful, Best wishes, and thanks again for arranging the nice tour and pleasant driver for the return from Delhi train station in the evening.</p>\r\n\r\n<p><em>(And thanks for calling this morning; this is the email I mentioned.)</em></p>\r\n'),
(6, 'Ms. Mamta Sharma', '', '<p>We just came back from our honeymoon in Thailand arranged by Rare Holiday November &amp; December is a good time to go there and everything was arranged so well in Bangkok and Pattaya. The representatives of Rare Holidays in Thailand were very friendly and assisted us at each step to make us feel at home. This was our first international trip but we never felt scared or concerned about going to a different country ..all because of Rare Holidays and Mr Shantanu Roy. I am planning to go Bali soon with them. Ciao</p>\r\n'),
(15, 'Prof. Glenn T Webb, Pepperdine univ, CA', '', '<p>I recommend the services of Rare Holidays, and his company, to anyone who is planning a trip to India. In my case, as the director of Asian Studies at Pepperdine University in Malibu, California, and as the leader of a fieldtrip made in May 2000 (with my wife, who is also a professor, one graduate assistant, and nine American students), Rare Holidays first followed to the letter my instructions for a Buddhist-focused trip across northern India, from New Delhi to Calcutta, and then booked excellent accommodations and additional experiences for us, even accompanying us cross-country, to make sure that our needs were met. Our trip was challenging in terms of the intense heat and humidity of summer, as well as in the combination of culture shock and awe-inspiring beauty that India automatically offers , but Rare Holidays was always there with practical and professional assistance to ensure that we met the challenge with a minimum of difficulty. Our comfort and safety were his constant concerns. I look forward to other fieldtrips in the future under his management.</p>\r\n'),
(16, 'Simonetta Cervelli Group-Rome', '', '<p>Organizing the group directly through Rare Holidays was a positive point as we saved a lot of money which we otherwise would have paid to an Italian Operator. We also visited Pushkar. Agra, Bharatpur and Jodhpur City which was just so gorgeous. We enjoyed the nice hotels booked for us and had some real great food. Mr Roy accompanied us to Chambal Sanctuary and it as great fun and education for the whole group. We had Italian speaking guide and communication was so easy.The itinerary was suggested by Roy, who suggested us also to visit Chambal Sanctuary, south of Agra and enjoyed visiting the place which is lesser known wildlife destination .We love India and Rare Holidays personalized services and wish to come again when we have the money !!!</p>\r\n'),
(17, 'Mr. And Mrs. Roberto Cossu, Milan', '', '<p>We contacted Rare Holidays directly through their lovely website and inquired if they could organize us a tour to Nagaland where we wanted to cover a Festival to make a videos and photo shoot , then again a photo shoot in Mathura , Abha Neri in Rajasthan. The company organized everything for us including accommodation, transportation at all places with excellent drivers. They can be trusted with any kind of travel services one needs and can also trust them with paying in advance. After doing our video coverage and photo shoot, they organized us for an exotic Beach Holiday in Goa. We stayed at the Holiday Inn which was just lovely on the beach.I wish Rare Holidays the very best and recommend them to anyone planning a holiday in India.</p>\r\n'),
(18, 'Mr. David conner, USA', '', '<p>We enjoyed a lovely and comfortable Wildlife and Cultural Tour of North and Central India through Rare Holidays in December 2013 visiting Delhi , Jaipur , Ranthambore , Agra , Khajuraho , Bandavgarh , Kanha , Mumbai. We flew, took train ride and drove by private Car with an excellent driver, Ramesh Kumar, who was always at our beck and call. All hotels recommended by Rare Holidays were excellent with great food variety&acirc;&euro;&brvbar;.Would come back again. I thank Rare Holidays Management for arranging the tour.</p>\r\n'),
(19, 'Ms. Renata Busettini, Italy', '', '<p>I travelled with my husband Massino Ferrero, a photo journalist travelled two times to India visiting North East and Rajasthan &amp; again visited the Kumbh Mela in Allahabad through Rare Holidays in 2012 and 2013. My husband did his job well without any problems as Rare Holidays organized everything for us a clockwork and we got the best from them as per the budget we had. We would always travel to India with Rare Holidays and would recommend them to friends and colleagues always at the first opportunity</p>\r\n'),
(20, 'Mr. Rajat Sethi, Mumbai', '', '<p>We contacted Rare Holidays finding them online on the internet and they planned a meticulous 7 days holiday for our family choosing a luxurious resort in Wayanad , Kerala named Pepper Trail resort where we had a wonderful stay, enjoyed Food and its green surroundings. Their suggestion was perfect for us. We were efficiently received by their Innova driver at the Calicut airport. Over all a great holiday with kids. Just contact Rare Holidays and let them plan your holiday. Forget about everything after that..</p>\r\n'),
(21, 'Dr. Joan Kosove, USA', '', '<p>We Have Just Returned From A Superb Journey To India, One Of The Greatest Adventures Of Our Life. The Trip Was Organized And Shantanu Roy Chowdhury, The Director, Personally Accompanied Us On This Five-Week Journey Through Rajasthan And Kerala. The Trip Was Outstanding Because Of Its Variety, Its Contact With People And Animals, Its Artistic, Cultural, And Historical Experiences, And The Superb Organizational Skills With Which Rare Holidays Planned The Itinerary. The Hotels Were Excellent And Varied, From Deluxe Tents On Sand Dunes To Restored 16th-Century Palaces. We Were Treated Royally&acirc;&euro;&ldquo;The Respect, Grace, And Sense Of Hospitality Everywhere Make A Trip To India Special And Memorable. Travel To India Is Special Because One Experiences A Unique Way Of Life While One Can Also Have The Luxury Of Staying In Exquisite Accommodations, Eating Delicious Food, And Enjoying A Warm, Affable, And Delightful Group Of People.</p>\r\n'),
(22, 'Dr. Joan Kosove, USA', '', '<p>We Have Just Returned From A Superb Journey To India, One Of The Greatest Adventures Of Our Life. The Trip Was Organized And Shantanu Roy Chowdhury, The Director, Personally Accompanied Us On This Five-Week Journey Through Rajasthan And Kerala. The Trip Was Outstanding Because Of Its Variety, Its Contact With People And Animals, Its Artistic, Cultural, And Historical Experiences, And The Superb Organizational Skills With Which Rare Holidays Planned The Itinerary. The Hotels Were Excellent And Varied, From Deluxe Tents On Sand Dunes To Restored 16th-Century Palaces. We Were Treated Royally&acirc;&euro;&ldquo;The Respect, Grace, And Sense Of Hospitality Everywhere Make A Trip To India Special And Memorable. Travel To India Is Special Because One Experiences A Unique Way Of Life While One Can Also Have The Luxury Of Staying In Exquisite Accommodations, Eating Delicious Food, And Enjoying A Warm, Affable, And Delightful Group Of People.</p>\r\n'),
(23, 'Dr. Joan Kosove, USA', '', '<p>We Have Just Returned From A Superb Journey To India, One Of The Greatest Adventures Of Our Life. The Trip Was Organized And Shantanu Roy Chowdhury, The Director, Personally Accompanied Us On This Five-Week Journey Through Rajasthan And Kerala. The Trip Was Outstanding Because Of Its Variety, Its Contact With People And Animals, Its Artistic, Cultural, And Historical Experiences, And The Superb Organizational Skills With Which Rare Holidays Planned The Itinerary. The Hotels Were Excellent And Varied, From Deluxe Tents On Sand Dunes To Restored 16th-Century Palaces. We Were Treated Royally&acirc;&euro;&ldquo;The Respect, Grace, And Sense Of Hospitality Everywhere Make A Trip To India Special And Memorable. Travel To India Is Special Because One Experiences A Unique Way Of Life While One Can Also Have The Luxury Of Staying In Exquisite Accommodations, Eating Delicious Food, And Enjoying A Warm, Affable, And Delightful Group Of People.</p>\r\n'),
(24, 'Dr. Joan Kosove, USA', '', '<p>We Have Just Returned From A Superb Journey To India, One Of The Greatest Adventures Of Our Life. The Trip Was Organized And Shantanu Roy Chowdhury, The Director, Personally Accompanied Us On This Five-Week Journey Through Rajasthan And Kerala. The Trip Was Outstanding Because Of Its Variety, Its Contact With People And Animals, Its Artistic, Cultural, And Historical Experiences, And The Superb Organizational Skills With Which Rare Holidays Planned The Itinerary. The Hotels Were Excellent And Varied, From Deluxe Tents On Sand Dunes To Restored 16th-Century Palaces. We Were Treated Royally&acirc;&euro;&ldquo;The Respect, Grace, And Sense Of Hospitality Everywhere Make A Trip To India Special And Memorable. Travel To India Is Special Because One Experiences A Unique Way Of Life While One Can Also Have The Luxury Of Staying In Exquisite Accommodations, Eating Delicious Food, And Enjoying A Warm, Affable, And Delightful Group Of People.</p>\r\n');

-- --------------------------------------------------------

--
-- Table structure for table `tbl_web_logo`
--

CREATE TABLE `tbl_web_logo` (
  `logo_id` int(11) NOT NULL,
  `logo_image_name` varchar(255) NOT NULL,
  `new_and_update` varchar(300) NOT NULL
) ENGINE=InnoDB DEFAULT CHARSET=latin1 COLLATE=latin1_swedish_ci;

--
-- Dumping data for table `tbl_web_logo`
--

INSERT INTO `tbl_web_logo` (`logo_id`, `logo_image_name`, `new_and_update`) VALUES
(9, '1745081902_1744198702_YY.jpg', '1611313019_Catalog.pdf');

-- --------------------------------------------------------

--
-- Table structure for table `tbl_why_us`
--

CREATE TABLE `tbl_why_us` (
  `why_id` int(11) NOT NULL,
  `why_us_description` text NOT NULL
) ENGINE=InnoDB DEFAULT CHARSET=latin1 COLLATE=latin1_swedish_ci;

--
-- Dumping data for table `tbl_why_us`
--

INSERT INTO `tbl_why_us` (`why_id`, `why_us_description`) VALUES
(1, '<p><strong>Lorem Ipsum</strong>&nbsp;is simply dummy text of the printing and typesetting industry. Lorem Ipsum has been the industry&#39;s standard dummy text ever since the 1500s, when an unknown printer took a galley of type and scrambled it to make a type specimen book. It has survived not only five centuries, but also the leap into electronic typesetting, remaining essentially unchanged. It was popularised in the 1960s with the release of Letraset sheets containing Lorem Ipsum passages, and more recently with desktop publishing software like Aldus PageMaker including versions of Lorem Ipsum.</p>\r\n');

--
-- Indexes for dumped tables
--

--
-- Indexes for table `client_logo`
--
ALTER TABLE `client_logo`
  ADD PRIMARY KEY (`client_logo_id`);

--
-- Indexes for table `header_flash`
--
ALTER TABLE `header_flash`
  ADD PRIMARY KEY (`header_id`);

--
-- Indexes for table `solvers`
--
ALTER TABLE `solvers`
  ADD PRIMARY KEY (`id`);

--
-- Indexes for table `tbl_about_us`
--
ALTER TABLE `tbl_about_us`
  ADD PRIMARY KEY (`id`);

--
-- Indexes for table `tbl_about_us_features`
--
ALTER TABLE `tbl_about_us_features`
  ADD PRIMARY KEY (`id`);

--
-- Indexes for table `tbl_accommodation_category`
--
ALTER TABLE `tbl_accommodation_category`
  ADD PRIMARY KEY (`cat_id`);

--
-- Indexes for table `tbl_accommodation_product`
--
ALTER TABLE `tbl_accommodation_product`
  ADD PRIMARY KEY (`pro_id`);

--
-- Indexes for table `tbl_accommodation_sub_category`
--
ALTER TABLE `tbl_accommodation_sub_category`
  ADD PRIMARY KEY (`pro_id`);

--
-- Indexes for table `tbl_add_list`
--
ALTER TABLE `tbl_add_list`
  ADD PRIMARY KEY (`id`);

--
-- Indexes for table `tbl_admin`
--
ALTER TABLE `tbl_admin`
  ADD PRIMARY KEY (`id`);

--
-- Indexes for table `tbl_banner`
--
ALTER TABLE `tbl_banner`
  ADD PRIMARY KEY (`banner_id`);

--
-- Indexes for table `tbl_best_sell`
--
ALTER TABLE `tbl_best_sell`
  ADD PRIMARY KEY (`id`);

--
-- Indexes for table `tbl_blog`
--
ALTER TABLE `tbl_blog`
  ADD PRIMARY KEY (`id`);

--
-- Indexes for table `tbl_blogs`
--
ALTER TABLE `tbl_blogs`
  ADD PRIMARY KEY (`pro_id`);

--
-- Indexes for table `tbl_blog_category`
--
ALTER TABLE `tbl_blog_category`
  ADD PRIMARY KEY (`cat_id`);

--
-- Indexes for table `tbl_category`
--
ALTER TABLE `tbl_category`
  ADD PRIMARY KEY (`cat_id`);

--
-- Indexes for table `tbl_category_img`
--
ALTER TABLE `tbl_category_img`
  ADD PRIMARY KEY (`img_id`);

--
-- Indexes for table `tbl_contact`
--
ALTER TABLE `tbl_contact`
  ADD PRIMARY KEY (`id`);

--
-- Indexes for table `tbl_destination_category`
--
ALTER TABLE `tbl_destination_category`
  ADD PRIMARY KEY (`cat_id`);

--
-- Indexes for table `tbl_destination_product`
--
ALTER TABLE `tbl_destination_product`
  ADD PRIMARY KEY (`pro_id`);

--
-- Indexes for table `tbl_destination_sub_category`
--
ALTER TABLE `tbl_destination_sub_category`
  ADD PRIMARY KEY (`pro_id`);

--
-- Indexes for table `tbl_disclaimer`
--
ALTER TABLE `tbl_disclaimer`
  ADD PRIMARY KEY (`id`);

--
-- Indexes for table `tbl_event`
--
ALTER TABLE `tbl_event`
  ADD PRIMARY KEY (`id`);

--
-- Indexes for table `tbl_faqs`
--
ALTER TABLE `tbl_faqs`
  ADD PRIMARY KEY (`pro_id`);

--
-- Indexes for table `tbl_faq_category`
--
ALTER TABLE `tbl_faq_category`
  ADD PRIMARY KEY (`cat_id`);

--
-- Indexes for table `tbl_footer_logo`
--
ALTER TABLE `tbl_footer_logo`
  ADD PRIMARY KEY (`logo_id`);

--
-- Indexes for table `tbl_gallery`
--
ALTER TABLE `tbl_gallery`
  ADD PRIMARY KEY (`gal_id`);

--
-- Indexes for table `tbl_home_about`
--
ALTER TABLE `tbl_home_about`
  ADD PRIMARY KEY (`id`);

--
-- Indexes for table `tbl_home_testimonial`
--
ALTER TABLE `tbl_home_testimonial`
  ADD PRIMARY KEY (`testi_id`);

--
-- Indexes for table `tbl_inp_category`
--
ALTER TABLE `tbl_inp_category`
  ADD PRIMARY KEY (`id`);

--
-- Indexes for table `tbl_inp_product`
--
ALTER TABLE `tbl_inp_product`
  ADD PRIMARY KEY (`id`);

--
-- Indexes for table `tbl_lead_auditor`
--
ALTER TABLE `tbl_lead_auditor`
  ADD PRIMARY KEY (`id`);

--
-- Indexes for table `tbl_more_faq`
--
ALTER TABLE `tbl_more_faq`
  ADD PRIMARY KEY (`gal_id`);

--
-- Indexes for table `tbl_news`
--
ALTER TABLE `tbl_news`
  ADD PRIMARY KEY (`id`);

--
-- Indexes for table `tbl_news_letter`
--
ALTER TABLE `tbl_news_letter`
  ADD PRIMARY KEY (`news_letter_id`);

--
-- Indexes for table `tbl_new_blog`
--
ALTER TABLE `tbl_new_blog`
  ADD PRIMARY KEY (`id`);

--
-- Indexes for table `tbl_new_news`
--
ALTER TABLE `tbl_new_news`
  ADD PRIMARY KEY (`id`);

--
-- Indexes for table `tbl_our_mission`
--
ALTER TABLE `tbl_our_mission`
  ADD PRIMARY KEY (`id`);

--
-- Indexes for table `tbl_prdct_catg`
--
ALTER TABLE `tbl_prdct_catg`
  ADD PRIMARY KEY (`cat_id`);

--
-- Indexes for table `tbl_privacy_policy`
--
ALTER TABLE `tbl_privacy_policy`
  ADD PRIMARY KEY (`id`);

--
-- Indexes for table `tbl_prodct`
--
ALTER TABLE `tbl_prodct`
  ADD PRIMARY KEY (`pro_id`);

--
-- Indexes for table `tbl_product`
--
ALTER TABLE `tbl_product`
  ADD PRIMARY KEY (`pro_id`);

--
-- Indexes for table `tbl_product_image`
--
ALTER TABLE `tbl_product_image`
  ADD PRIMARY KEY (`gal_id`);

--
-- Indexes for table `tbl_pro_gallery`
--
ALTER TABLE `tbl_pro_gallery`
  ADD PRIMARY KEY (`gal_id`);

--
-- Indexes for table `tbl_services`
--
ALTER TABLE `tbl_services`
  ADD PRIMARY KEY (`pro_id`);

--
-- Indexes for table `tbl_services_desc`
--
ALTER TABLE `tbl_services_desc`
  ADD PRIMARY KEY (`id`);

--
-- Indexes for table `tbl_service_desc`
--
ALTER TABLE `tbl_service_desc`
  ADD PRIMARY KEY (`ser`);

--
-- Indexes for table `tbl_servi_catg`
--
ALTER TABLE `tbl_servi_catg`
  ADD PRIMARY KEY (`cat_id`);

--
-- Indexes for table `tbl_social_media`
--
ALTER TABLE `tbl_social_media`
  ADD PRIMARY KEY (`social_id`);

--
-- Indexes for table `tbl_spaces_category`
--
ALTER TABLE `tbl_spaces_category`
  ADD PRIMARY KEY (`cat_id`);

--
-- Indexes for table `tbl_spaces_product`
--
ALTER TABLE `tbl_spaces_product`
  ADD PRIMARY KEY (`pro_id`);

--
-- Indexes for table `tbl_sub_inp_category`
--
ALTER TABLE `tbl_sub_inp_category`
  ADD PRIMARY KEY (`id`);

--
-- Indexes for table `tbl_sub_prodct_category`
--
ALTER TABLE `tbl_sub_prodct_category`
  ADD PRIMARY KEY (`sub_id`);

--
-- Indexes for table `tbl_sub_servi_category`
--
ALTER TABLE `tbl_sub_servi_category`
  ADD PRIMARY KEY (`sub_id`);

--
-- Indexes for table `tbl_sub_space_product`
--
ALTER TABLE `tbl_sub_space_product`
  ADD PRIMARY KEY (`id`);

--
-- Indexes for table `tbl_terms_and_conditions`
--
ALTER TABLE `tbl_terms_and_conditions`
  ADD PRIMARY KEY (`id`);

--
-- Indexes for table `tbl_testimonial`
--
ALTER TABLE `tbl_testimonial`
  ADD PRIMARY KEY (`testi_id`);

--
-- Indexes for table `tbl_web_logo`
--
ALTER TABLE `tbl_web_logo`
  ADD PRIMARY KEY (`logo_id`);

--
-- Indexes for table `tbl_why_us`
--
ALTER TABLE `tbl_why_us`
  ADD PRIMARY KEY (`why_id`);

--
-- AUTO_INCREMENT for dumped tables
--

--
-- AUTO_INCREMENT for table `client_logo`
--
ALTER TABLE `client_logo`
  MODIFY `client_logo_id` int(11) NOT NULL AUTO_INCREMENT, AUTO_INCREMENT=134;

--
-- AUTO_INCREMENT for table `header_flash`
--
ALTER TABLE `header_flash`
  MODIFY `header_id` int(11) NOT NULL AUTO_INCREMENT, AUTO_INCREMENT=55;

--
-- AUTO_INCREMENT for table `solvers`
--
ALTER TABLE `solvers`
  MODIFY `id` int(11) NOT NULL AUTO_INCREMENT, AUTO_INCREMENT=7;

--
-- AUTO_INCREMENT for table `tbl_about_us_features`
--
ALTER TABLE `tbl_about_us_features`
  MODIFY `id` bigint(20) NOT NULL AUTO_INCREMENT, AUTO_INCREMENT=16;

--
-- AUTO_INCREMENT for table `tbl_accommodation_category`
--
ALTER TABLE `tbl_accommodation_category`
  MODIFY `cat_id` int(11) NOT NULL AUTO_INCREMENT, AUTO_INCREMENT=12;

--
-- AUTO_INCREMENT for table `tbl_accommodation_product`
--
ALTER TABLE `tbl_accommodation_product`
  MODIFY `pro_id` int(11) NOT NULL AUTO_INCREMENT, AUTO_INCREMENT=8;

--
-- AUTO_INCREMENT for table `tbl_accommodation_sub_category`
--
ALTER TABLE `tbl_accommodation_sub_category`
  MODIFY `pro_id` int(11) NOT NULL AUTO_INCREMENT, AUTO_INCREMENT=12;

--
-- AUTO_INCREMENT for table `tbl_add_list`
--
ALTER TABLE `tbl_add_list`
  MODIFY `id` int(11) NOT NULL AUTO_INCREMENT, AUTO_INCREMENT=18;

--
-- AUTO_INCREMENT for table `tbl_admin`
--
ALTER TABLE `tbl_admin`
  MODIFY `id` int(11) NOT NULL AUTO_INCREMENT, AUTO_INCREMENT=2;

--
-- AUTO_INCREMENT for table `tbl_banner`
--
ALTER TABLE `tbl_banner`
  MODIFY `banner_id` int(11) NOT NULL AUTO_INCREMENT, AUTO_INCREMENT=84;

--
-- AUTO_INCREMENT for table `tbl_best_sell`
--
ALTER TABLE `tbl_best_sell`
  MODIFY `id` int(11) NOT NULL AUTO_INCREMENT, AUTO_INCREMENT=2;

--
-- AUTO_INCREMENT for table `tbl_blog`
--
ALTER TABLE `tbl_blog`
  MODIFY `id` int(11) NOT NULL AUTO_INCREMENT, AUTO_INCREMENT=849;

--
-- AUTO_INCREMENT for table `tbl_blogs`
--
ALTER TABLE `tbl_blogs`
  MODIFY `pro_id` int(11) NOT NULL AUTO_INCREMENT, AUTO_INCREMENT=16;

--
-- AUTO_INCREMENT for table `tbl_blog_category`
--
ALTER TABLE `tbl_blog_category`
  MODIFY `cat_id` int(11) NOT NULL AUTO_INCREMENT, AUTO_INCREMENT=12;

--
-- AUTO_INCREMENT for table `tbl_category`
--
ALTER TABLE `tbl_category`
  MODIFY `cat_id` int(11) NOT NULL AUTO_INCREMENT, AUTO_INCREMENT=83;

--
-- AUTO_INCREMENT for table `tbl_category_img`
--
ALTER TABLE `tbl_category_img`
  MODIFY `img_id` int(11) NOT NULL AUTO_INCREMENT, AUTO_INCREMENT=119;

--
-- AUTO_INCREMENT for table `tbl_contact`
--
ALTER TABLE `tbl_contact`
  MODIFY `id` int(11) NOT NULL AUTO_INCREMENT, AUTO_INCREMENT=66;

--
-- AUTO_INCREMENT for table `tbl_destination_category`
--
ALTER TABLE `tbl_destination_category`
  MODIFY `cat_id` int(11) NOT NULL AUTO_INCREMENT, AUTO_INCREMENT=7;

--
-- AUTO_INCREMENT for table `tbl_destination_product`
--
ALTER TABLE `tbl_destination_product`
  MODIFY `pro_id` int(11) NOT NULL AUTO_INCREMENT, AUTO_INCREMENT=5;

--
-- AUTO_INCREMENT for table `tbl_destination_sub_category`
--
ALTER TABLE `tbl_destination_sub_category`
  MODIFY `pro_id` int(11) NOT NULL AUTO_INCREMENT, AUTO_INCREMENT=7;

--
-- AUTO_INCREMENT for table `tbl_disclaimer`
--
ALTER TABLE `tbl_disclaimer`
  MODIFY `id` int(11) NOT NULL AUTO_INCREMENT, AUTO_INCREMENT=2;

--
-- AUTO_INCREMENT for table `tbl_event`
--
ALTER TABLE `tbl_event`
  MODIFY `id` int(11) NOT NULL AUTO_INCREMENT, AUTO_INCREMENT=20;

--
-- AUTO_INCREMENT for table `tbl_faqs`
--
ALTER TABLE `tbl_faqs`
  MODIFY `pro_id` int(11) NOT NULL AUTO_INCREMENT, AUTO_INCREMENT=9;

--
-- AUTO_INCREMENT for table `tbl_faq_category`
--
ALTER TABLE `tbl_faq_category`
  MODIFY `cat_id` int(11) NOT NULL AUTO_INCREMENT, AUTO_INCREMENT=11;

--
-- AUTO_INCREMENT for table `tbl_footer_logo`
--
ALTER TABLE `tbl_footer_logo`
  MODIFY `logo_id` int(11) NOT NULL AUTO_INCREMENT, AUTO_INCREMENT=3;

--
-- AUTO_INCREMENT for table `tbl_gallery`
--
ALTER TABLE `tbl_gallery`
  MODIFY `gal_id` int(11) NOT NULL AUTO_INCREMENT, AUTO_INCREMENT=88;

--
-- AUTO_INCREMENT for table `tbl_home_about`
--
ALTER TABLE `tbl_home_about`
  MODIFY `id` int(11) NOT NULL AUTO_INCREMENT, AUTO_INCREMENT=2;

--
-- AUTO_INCREMENT for table `tbl_home_testimonial`
--
ALTER TABLE `tbl_home_testimonial`
  MODIFY `testi_id` int(11) NOT NULL AUTO_INCREMENT, AUTO_INCREMENT=7;

--
-- AUTO_INCREMENT for table `tbl_inp_category`
--
ALTER TABLE `tbl_inp_category`
  MODIFY `id` int(11) NOT NULL AUTO_INCREMENT, AUTO_INCREMENT=9;

--
-- AUTO_INCREMENT for table `tbl_inp_product`
--
ALTER TABLE `tbl_inp_product`
  MODIFY `id` int(11) NOT NULL AUTO_INCREMENT, AUTO_INCREMENT=6;

--
-- AUTO_INCREMENT for table `tbl_lead_auditor`
--
ALTER TABLE `tbl_lead_auditor`
  MODIFY `id` int(11) NOT NULL AUTO_INCREMENT, AUTO_INCREMENT=3;

--
-- AUTO_INCREMENT for table `tbl_more_faq`
--
ALTER TABLE `tbl_more_faq`
  MODIFY `gal_id` int(11) NOT NULL AUTO_INCREMENT, AUTO_INCREMENT=8;

--
-- AUTO_INCREMENT for table `tbl_news`
--
ALTER TABLE `tbl_news`
  MODIFY `id` int(11) NOT NULL AUTO_INCREMENT, AUTO_INCREMENT=21;

--
-- AUTO_INCREMENT for table `tbl_news_letter`
--
ALTER TABLE `tbl_news_letter`
  MODIFY `news_letter_id` int(11) NOT NULL AUTO_INCREMENT, AUTO_INCREMENT=39;

--
-- AUTO_INCREMENT for table `tbl_new_blog`
--
ALTER TABLE `tbl_new_blog`
  MODIFY `id` int(11) NOT NULL AUTO_INCREMENT, AUTO_INCREMENT=7;

--
-- AUTO_INCREMENT for table `tbl_new_news`
--
ALTER TABLE `tbl_new_news`
  MODIFY `id` int(11) NOT NULL AUTO_INCREMENT, AUTO_INCREMENT=17;

--
-- AUTO_INCREMENT for table `tbl_our_mission`
--
ALTER TABLE `tbl_our_mission`
  MODIFY `id` int(11) NOT NULL AUTO_INCREMENT, AUTO_INCREMENT=2;

--
-- AUTO_INCREMENT for table `tbl_prdct_catg`
--
ALTER TABLE `tbl_prdct_catg`
  MODIFY `cat_id` int(100) NOT NULL AUTO_INCREMENT, AUTO_INCREMENT=4;

--
-- AUTO_INCREMENT for table `tbl_privacy_policy`
--
ALTER TABLE `tbl_privacy_policy`
  MODIFY `id` int(11) NOT NULL AUTO_INCREMENT, AUTO_INCREMENT=2;

--
-- AUTO_INCREMENT for table `tbl_prodct`
--
ALTER TABLE `tbl_prodct`
  MODIFY `pro_id` int(100) NOT NULL AUTO_INCREMENT, AUTO_INCREMENT=147;

--
-- AUTO_INCREMENT for table `tbl_product`
--
ALTER TABLE `tbl_product`
  MODIFY `pro_id` int(11) NOT NULL AUTO_INCREMENT, AUTO_INCREMENT=233;

--
-- AUTO_INCREMENT for table `tbl_product_image`
--
ALTER TABLE `tbl_product_image`
  MODIFY `gal_id` int(11) NOT NULL AUTO_INCREMENT, AUTO_INCREMENT=44;

--
-- AUTO_INCREMENT for table `tbl_pro_gallery`
--
ALTER TABLE `tbl_pro_gallery`
  MODIFY `gal_id` int(11) NOT NULL AUTO_INCREMENT, AUTO_INCREMENT=99;

--
-- AUTO_INCREMENT for table `tbl_services`
--
ALTER TABLE `tbl_services`
  MODIFY `pro_id` int(11) NOT NULL AUTO_INCREMENT, AUTO_INCREMENT=8;

--
-- AUTO_INCREMENT for table `tbl_services_desc`
--
ALTER TABLE `tbl_services_desc`
  MODIFY `id` int(11) NOT NULL AUTO_INCREMENT, AUTO_INCREMENT=2;

--
-- AUTO_INCREMENT for table `tbl_service_desc`
--
ALTER TABLE `tbl_service_desc`
  MODIFY `ser` int(11) NOT NULL AUTO_INCREMENT, AUTO_INCREMENT=8;

--
-- AUTO_INCREMENT for table `tbl_servi_catg`
--
ALTER TABLE `tbl_servi_catg`
  MODIFY `cat_id` int(11) NOT NULL AUTO_INCREMENT, AUTO_INCREMENT=8;

--
-- AUTO_INCREMENT for table `tbl_social_media`
--
ALTER TABLE `tbl_social_media`
  MODIFY `social_id` int(11) NOT NULL AUTO_INCREMENT, AUTO_INCREMENT=2;

--
-- AUTO_INCREMENT for table `tbl_spaces_category`
--
ALTER TABLE `tbl_spaces_category`
  MODIFY `cat_id` int(11) NOT NULL AUTO_INCREMENT, AUTO_INCREMENT=10;

--
-- AUTO_INCREMENT for table `tbl_spaces_product`
--
ALTER TABLE `tbl_spaces_product`
  MODIFY `pro_id` int(11) NOT NULL AUTO_INCREMENT, AUTO_INCREMENT=5;

--
-- AUTO_INCREMENT for table `tbl_sub_inp_category`
--
ALTER TABLE `tbl_sub_inp_category`
  MODIFY `id` int(11) NOT NULL AUTO_INCREMENT, AUTO_INCREMENT=25;

--
-- AUTO_INCREMENT for table `tbl_sub_prodct_category`
--
ALTER TABLE `tbl_sub_prodct_category`
  MODIFY `sub_id` int(11) NOT NULL AUTO_INCREMENT, AUTO_INCREMENT=64;

--
-- AUTO_INCREMENT for table `tbl_sub_servi_category`
--
ALTER TABLE `tbl_sub_servi_category`
  MODIFY `sub_id` int(11) NOT NULL AUTO_INCREMENT, AUTO_INCREMENT=6;

--
-- AUTO_INCREMENT for table `tbl_sub_space_product`
--
ALTER TABLE `tbl_sub_space_product`
  MODIFY `id` int(11) NOT NULL AUTO_INCREMENT, AUTO_INCREMENT=3;

--
-- AUTO_INCREMENT for table `tbl_terms_and_conditions`
--
ALTER TABLE `tbl_terms_and_conditions`
  MODIFY `id` int(11) NOT NULL AUTO_INCREMENT, AUTO_INCREMENT=2;

--
-- AUTO_INCREMENT for table `tbl_testimonial`
--
ALTER TABLE `tbl_testimonial`
  MODIFY `testi_id` int(11) NOT NULL AUTO_INCREMENT, AUTO_INCREMENT=25;

--
-- AUTO_INCREMENT for table `tbl_web_logo`
--
ALTER TABLE `tbl_web_logo`
  MODIFY `logo_id` int(11) NOT NULL AUTO_INCREMENT, AUTO_INCREMENT=10;

--
-- AUTO_INCREMENT for table `tbl_why_us`
--
ALTER TABLE `tbl_why_us`
  MODIFY `why_id` int(11) NOT NULL AUTO_INCREMENT, AUTO_INCREMENT=2;
COMMIT;

